CRAN Package Check Results for Package rematch

Last updated on 2022-07-07 12:55:33 CEST.

Flavor Version Tinstall Tcheck Ttotal Status Flags
r-devel-linux-x86_64-debian-clang 1.0.1 1.78 21.83 23.61 NOTE
r-devel-linux-x86_64-debian-gcc 1.0.1 1.44 16.82 18.26 NOTE
r-devel-linux-x86_64-fedora-clang 1.0.1 40.30 NOTE
r-devel-linux-x86_64-fedora-gcc 1.0.1 38.88 NOTE
r-devel-windows-x86_64 1.0.1 8.00 45.00 53.00 NOTE
r-patched-linux-x86_64 1.0.1 1.83 20.91 22.74 NOTE
r-release-linux-x86_64 1.0.1 1.58 21.03 22.61 NOTE
r-release-macos-arm64 1.0.1 14.00 NOTE
r-release-macos-x86_64 1.0.1 21.00 NOTE
r-release-windows-x86_64 1.0.1 4.00 46.00 50.00 NOTE
r-oldrel-macos-arm64 1.0.1 19.00 NOTE
r-oldrel-macos-x86_64 1.0.1 27.00 NOTE
r-oldrel-windows-ix86+x86_64 1.0.1 5.00 39.00 44.00 NOTE

Check Details

Version: 1.0.1
Check: LazyData
Result: NOTE
     'LazyData' is specified without a 'data' directory
Flavors: r-devel-linux-x86_64-debian-clang, r-devel-linux-x86_64-debian-gcc, r-devel-linux-x86_64-fedora-clang, r-devel-linux-x86_64-fedora-gcc, r-devel-windows-x86_64, r-patched-linux-x86_64, r-release-linux-x86_64, r-release-macos-arm64, r-release-macos-x86_64, r-release-windows-x86_64, r-oldrel-macos-arm64, r-oldrel-macos-x86_64, r-oldrel-windows-ix86+x86_64