CRAN Package Check Results for Package relliptical

Last updated on 2022-06-28 12:52:34 CEST.

Flavor Version Tinstall Tcheck Ttotal Status Flags
r-devel-linux-x86_64-debian-clang 1.2.0 56.58 69.76 126.34 OK
r-devel-linux-x86_64-debian-gcc 1.2.0 50.19 52.07 102.26 OK
r-devel-linux-x86_64-fedora-clang 1.2.0 185.47 OK
r-devel-linux-x86_64-fedora-gcc 1.2.0 177.46 OK
r-devel-windows-x86_64 1.2.0 55.00 113.00 168.00 OK
r-patched-linux-x86_64 1.2.0 52.77 66.48 119.25 OK
r-release-linux-x86_64 1.2.0 48.91 65.83 114.74 OK
r-release-macos-arm64 1.2.0 55.00 NOTE
r-release-macos-x86_64 1.2.0 59.00 NOTE
r-release-windows-x86_64 1.2.0 58.00 114.00 172.00 OK
r-oldrel-macos-arm64 1.2.0 50.00 NOTE
r-oldrel-macos-x86_64 1.2.0 59.00 NOTE
r-oldrel-windows-ix86+x86_64 1.2.0 134.00 133.00 267.00 OK

Check Details

Version: 1.2.0
Check: installed package size
Result: NOTE
     installed size is 6.7Mb
     sub-directories of 1Mb or more:
     libs 6.5Mb
Flavors: r-release-macos-arm64, r-release-macos-x86_64, r-oldrel-macos-arm64, r-oldrel-macos-x86_64