Last updated on 2022-06-26 11:52:42 CEST.
Flavor | Version | Tinstall | Tcheck | Ttotal | Status | Flags |
---|---|---|---|---|---|---|
r-devel-linux-x86_64-debian-clang | 2.2-6 | 17.51 | 113.75 | 131.26 | NOTE | |
r-devel-linux-x86_64-debian-gcc | 2.2-6 | 14.20 | 83.70 | 97.90 | NOTE | |
r-devel-linux-x86_64-fedora-clang | 2.2-6 | 160.48 | NOTE | |||
r-devel-linux-x86_64-fedora-gcc | 2.2-6 | 167.84 | NOTE | |||
r-devel-windows-x86_64 | 2.2-6 | 32.00 | 122.00 | 154.00 | NOTE | |
r-patched-linux-x86_64 | 2.2-6 | 14.68 | 105.46 | 120.14 | OK | |
r-release-linux-x86_64 | 2.2-6 | 16.03 | 107.58 | 123.61 | OK | |
r-release-macos-arm64 | 2.2-6 | 43.00 | OK | |||
r-release-macos-x86_64 | 2.2-6 | 59.00 | OK | |||
r-release-windows-x86_64 | 2.2-6 | 35.00 | 126.00 | 161.00 | OK | |
r-oldrel-macos-arm64 | 2.2-6 | 51.00 | OK | |||
r-oldrel-macos-x86_64 | 2.2-6 | 57.00 | OK | |||
r-oldrel-windows-ix86+x86_64 | 2.2-6 | 33.00 | 125.00 | 158.00 | OK |
Version: 2.2-6
Check: Rd files
Result: NOTE
checkRd: (-1) calc.relimp.Rd:41: Escaped LaTeX specials: \~
checkRd: (-1) classesmethods.relaimpo.Rd:27: Escaped LaTeX specials: \$
checkRd: (-1) classesmethods.relaimpo.Rd:104: Escaped LaTeX specials: \$
checkRd: (-1) mianalyze.relimp.Rd:69: Escaped LaTeX specials: \~
checkRd: (-1) mianalyze.relimp.Rd:73: Escaped LaTeX specials: \~
checkRd: (-1) relimplm-class.Rd:63: Escaped LaTeX specials: \$
checkRd: (-1) relimplmbootMI-class.Rd:121: Escaped LaTeX specials: \$
checkRd: (-1) relimplmbooteval-class.Rd:146: Escaped LaTeX specials: \$
Flavors: r-devel-linux-x86_64-debian-clang, r-devel-linux-x86_64-debian-gcc, r-devel-linux-x86_64-fedora-clang, r-devel-linux-x86_64-fedora-gcc, r-devel-windows-x86_64