Last updated on 2024-04-26 12:54:47 CEST.
Flavor | Version | Tinstall | Tcheck | Ttotal | Status | Flags |
---|---|---|---|---|---|---|
r-devel-linux-x86_64-debian-clang | 1.6.1 | 47.41 | 31.42 | 78.83 | OK | |
r-devel-linux-x86_64-debian-gcc | 1.6.1 | 41.46 | 23.65 | 65.11 | OK | |
r-devel-linux-x86_64-fedora-clang | 1.6.1 | 102.47 | NOTE | |||
r-devel-linux-x86_64-fedora-gcc | 1.6.1 | 111.40 | OK | |||
r-devel-windows-x86_64 | 1.6.1 | 43.00 | 70.00 | 113.00 | NOTE | |
r-patched-linux-x86_64 | 1.6.1 | 46.48 | 30.04 | 76.52 | OK | |
r-release-linux-x86_64 | 1.6.1 | 49.05 | 29.57 | 78.62 | OK | |
r-release-macos-arm64 | 1.6.1 | 28.00 | NOTE | |||
r-release-windows-x86_64 | 1.6.1 | 44.00 | 68.00 | 112.00 | NOTE | |
r-oldrel-macos-arm64 | 1.6.1 | 33.00 | NOTE | |||
r-oldrel-macos-x86_64 | 1.6.1 | 73.00 | NOTE | |||
r-oldrel-windows-x86_64 | 1.6.1 | 43.00 | 75.00 | 118.00 | NOTE |
Version: 1.6.1
Check: installed package size
Result: NOTE
installed size is 7.1Mb
sub-directories of 1Mb or more:
include 6.4Mb
Flavors: r-devel-linux-x86_64-fedora-clang, r-devel-windows-x86_64, r-release-macos-arm64, r-release-windows-x86_64, r-oldrel-macos-arm64, r-oldrel-macos-x86_64, r-oldrel-windows-x86_64