CRAN Package Check Results for Package rego

Last updated on 2023-09-25 12:01:49 CEST.

Flavor Version Tinstall Tcheck Ttotal Status Flags
r-devel-linux-x86_64-debian-clang 1.6.1 47.60 30.49 78.09 OK
r-devel-linux-x86_64-debian-gcc 1.6.1 35.57 23.96 59.53 OK
r-devel-linux-x86_64-fedora-clang 1.6.1 109.71 NOTE
r-devel-linux-x86_64-fedora-gcc 1.6.1 109.62 OK
r-devel-windows-x86_64 1.6.1 36.00 67.00 103.00 NOTE
r-patched-linux-x86_64 1.6.1 47.49 30.13 77.62 OK
r-release-linux-x86_64 1.6.1 46.97 29.48 76.45 OK
r-release-macos-arm64 1.6.1 33.00 NOTE
r-release-macos-x86_64 1.6.1 73.00 NOTE
r-release-windows-x86_64 1.6.1 45.00 75.00 120.00 NOTE
r-oldrel-macos-arm64 1.6.1 37.00 NOTE
r-oldrel-macos-x86_64 1.6.1 51.00 NOTE
r-oldrel-windows-x86_64 1.6.1 53.00 71.00 124.00 NOTE

Check Details

Version: 1.6.1
Check: installed package size
Result: NOTE
     installed size is 7.1Mb
     sub-directories of 1Mb or more:
     include 6.4Mb
Flavors: r-devel-linux-x86_64-fedora-clang, r-devel-windows-x86_64, r-release-macos-arm64, r-release-macos-x86_64, r-release-windows-x86_64, r-oldrel-macos-arm64, r-oldrel-macos-x86_64, r-oldrel-windows-x86_64