CRAN Package Check Results for Package regnet

Last updated on 2022-06-26 11:52:42 CEST.

Flavor Version Tinstall Tcheck Ttotal Status Flags
r-devel-linux-x86_64-debian-clang 0.4.0 168.45 36.49 204.94 OK
r-devel-linux-x86_64-debian-gcc 0.4.0 139.88 28.36 168.24 OK
r-devel-linux-x86_64-fedora-clang 0.4.0 337.25 OK
r-devel-linux-x86_64-fedora-gcc 0.4.0 288.84 OK
r-devel-windows-x86_64 0.4.0 130.00 89.00 219.00 OK
r-patched-linux-x86_64 0.4.0 141.56 35.49 177.05 OK
r-release-linux-x86_64 0.4.0 146.73 35.15 181.88 OK
r-release-macos-arm64 0.4.0 69.00 NOTE
r-release-macos-x86_64 0.4.0 85.00 NOTE
r-release-windows-x86_64 0.4.0 131.00 87.00 218.00 OK
r-oldrel-macos-arm64 0.4.0 71.00 NOTE
r-oldrel-macos-x86_64 0.4.0 117.00 NOTE
r-oldrel-windows-ix86+x86_64 0.4.0 444.00 85.00 529.00 OK

Check Details

Version: 0.4.0
Check: installed package size
Result: NOTE
     installed size is 6.5Mb
     sub-directories of 1Mb or more:
     data 1.6Mb
     libs 4.8Mb
Flavors: r-release-macos-arm64, r-release-macos-x86_64, r-oldrel-macos-arm64, r-oldrel-macos-x86_64