Last updated on 2024-04-18 12:52:57 CEST.
Flavor | Version | Tinstall | Tcheck | Ttotal | Status | Flags |
---|---|---|---|---|---|---|
r-devel-linux-x86_64-debian-clang | 2.1.0 | 60.60 | 90.38 | 150.98 | NOTE | |
r-devel-linux-x86_64-debian-gcc | 2.1.0 | 47.84 | 73.32 | 121.16 | NOTE | |
r-devel-linux-x86_64-fedora-clang | 2.1.0 | 205.51 | NOTE | |||
r-devel-linux-x86_64-fedora-gcc | 2.1.0 | 219.30 | NOTE | |||
r-prerel-macos-arm64 | 2.1.0 | 74.00 | NOTE | |||
r-prerel-windows-x86_64 | 2.1.0 | 50.00 | 112.00 | 162.00 | NOTE | |
r-patched-linux-x86_64 | 2.1.0 | 67.78 | 92.53 | 160.31 | NOTE | |
r-release-linux-x86_64 | 2.1.0 | 57.79 | 89.57 | 147.36 | NOTE | |
r-release-macos-arm64 | 2.1.0 | 85.00 | NOTE | |||
r-release-macos-x86_64 | 2.1.0 | 98.00 | NOTE | |||
r-release-windows-x86_64 | 2.1.0 | 62.00 | 125.00 | 187.00 | NOTE | |
r-oldrel-macos-arm64 | 2.1.0 | 61.00 | OK | |||
r-oldrel-windows-x86_64 | 2.1.0 | 59.00 | 131.00 | 190.00 | OK |
Version: 2.1.0
Check: C++ specification
Result: NOTE
Specified C++11: please drop specification unless essential
Flavors: r-devel-linux-x86_64-debian-clang, r-devel-linux-x86_64-debian-gcc, r-devel-linux-x86_64-fedora-clang, r-devel-linux-x86_64-fedora-gcc, r-prerel-macos-arm64, r-prerel-windows-x86_64, r-patched-linux-x86_64, r-release-linux-x86_64, r-release-macos-arm64, r-release-macos-x86_64, r-release-windows-x86_64