Last updated on 2023-12-05 09:50:14 CET.
Flavor | Version | Tinstall | Tcheck | Ttotal | Status | Flags |
---|---|---|---|---|---|---|
r-devel-linux-x86_64-debian-clang | 0.1.1 | 5.97 | 54.14 | 60.11 | OK | |
r-devel-linux-x86_64-debian-gcc | 0.1.1 | 4.63 | 39.64 | 44.27 | OK | |
r-devel-linux-x86_64-fedora-clang | 0.1.1 | 75.14 | NOTE | |||
r-devel-linux-x86_64-fedora-gcc | 0.1.1 | 81.59 | NOTE | |||
r-devel-windows-x86_64 | 0.1.1 | 7.00 | 59.00 | 66.00 | OK | |
r-patched-linux-x86_64 | 0.1.1 | 5.72 | 49.80 | 55.52 | OK | |
r-release-linux-x86_64 | 0.1.1 | 5.29 | 49.55 | 54.84 | OK | |
r-release-macos-arm64 | 0.1.1 | 33.00 | OK | |||
r-release-macos-x86_64 | 0.1.1 | 48.00 | OK | |||
r-release-windows-x86_64 | 0.1.1 | 9.00 | 64.00 | 73.00 | OK | |
r-oldrel-macos-arm64 | 0.1.1 | 26.00 | NOTE | |||
r-oldrel-macos-x86_64 | 0.1.1 | 48.00 | NOTE | |||
r-oldrel-windows-x86_64 | 0.1.1 | 10.00 | 70.00 | 80.00 | OK |
Version: 0.1.1
Check: dependencies in R code
Result: NOTE
Namespaces in Imports field not imported from:
‘knitr’ ‘textshaping’
All declared Imports should be used.
Flavors: r-devel-linux-x86_64-fedora-clang, r-devel-linux-x86_64-fedora-gcc, r-oldrel-macos-arm64, r-oldrel-macos-x86_64
Version: 0.1.1
Check: data for non-ASCII characters
Result: NOTE
Note: found 20 marked UTF-8 strings
Flavors: r-devel-linux-x86_64-fedora-clang, r-devel-linux-x86_64-fedora-gcc, r-oldrel-macos-arm64, r-oldrel-macos-x86_64