CRAN Package Check Results for Package regioncode

Last updated on 2022-07-06 12:53:44 CEST.

Flavor Version Tinstall Tcheck Ttotal Status Flags
r-devel-linux-x86_64-debian-clang 0.1.1 6.54 70.28 76.82 OK
r-devel-linux-x86_64-debian-gcc 0.1.1 5.89 44.78 50.67 OK
r-devel-linux-x86_64-fedora-clang 0.1.1 90.71 NOTE
r-devel-linux-x86_64-fedora-gcc 0.1.1 89.38 NOTE
r-devel-windows-x86_64 0.1.1 15.00 90.00 105.00 OK
r-patched-linux-x86_64 0.1.1 4.79 56.59 61.38 OK
r-release-linux-x86_64 0.1.1 6.09 57.54 63.63 OK
r-release-macos-arm64 0.1.1 26.00 NOTE
r-release-macos-x86_64 0.1.1 48.00 NOTE
r-release-windows-x86_64 0.1.1 14.00 88.00 102.00 OK
r-oldrel-macos-arm64 0.1.1 29.00 NOTE
r-oldrel-macos-x86_64 0.1.1 36.00 NOTE
r-oldrel-windows-ix86+x86_64 0.1.1 15.00 100.00 115.00 OK

Check Details

Version: 0.1.1
Check: dependencies in R code
Result: NOTE
    Namespaces in Imports field not imported from:
     ‘knitr’ ‘textshaping’
     All declared Imports should be used.
Flavors: r-devel-linux-x86_64-fedora-clang, r-devel-linux-x86_64-fedora-gcc, r-release-macos-arm64, r-release-macos-x86_64, r-oldrel-macos-arm64, r-oldrel-macos-x86_64

Version: 0.1.1
Check: data for non-ASCII characters
Result: NOTE
     Note: found 20 marked UTF-8 strings
Flavors: r-devel-linux-x86_64-fedora-clang, r-devel-linux-x86_64-fedora-gcc, r-release-macos-arm64, r-release-macos-x86_64, r-oldrel-macos-arm64, r-oldrel-macos-x86_64