CRAN Package Check Results for Package redoc

Last updated on 2022-06-24 11:52:17 CEST.

Flavor Version Tinstall Tcheck Ttotal Status Flags
r-devel-linux-x86_64-debian-clang 2.0.0.49 2.13 20.74 22.87 NOTE
r-devel-linux-x86_64-debian-gcc 2.0.0.49 1.60 16.44 18.04 NOTE
r-devel-linux-x86_64-fedora-clang 2.0.0.49 38.49 NOTE
r-devel-linux-x86_64-fedora-gcc 2.0.0.49 37.93 NOTE
r-devel-windows-x86_64 2.0.0.49 19.00 52.00 71.00 NOTE
r-patched-linux-x86_64 2.0.0.49 2.23 20.15 22.38 NOTE
r-release-linux-x86_64 2.0.0.49 1.91 20.10 22.01 NOTE
r-release-macos-arm64 2.0.0.49 13.00 NOTE
r-release-macos-x86_64 2.0.0.49 20.00 NOTE
r-release-windows-x86_64 2.0.0.49 22.00 44.00 66.00 NOTE
r-oldrel-macos-arm64 2.0.0.49 15.00 NOTE
r-oldrel-macos-x86_64 2.0.0.49 26.00 NOTE
r-oldrel-windows-ix86+x86_64 2.0.0.49 6.00 39.00 45.00 NOTE

Check Details

Version: 2.0.0.49
Check: LazyData
Result: NOTE
     'LazyData' is specified without a 'data' directory
Flavors: r-devel-linux-x86_64-debian-clang, r-devel-linux-x86_64-debian-gcc, r-devel-linux-x86_64-fedora-clang, r-devel-linux-x86_64-fedora-gcc, r-devel-windows-x86_64, r-patched-linux-x86_64, r-release-linux-x86_64, r-release-macos-arm64, r-release-macos-x86_64, r-release-windows-x86_64, r-oldrel-macos-arm64, r-oldrel-macos-x86_64, r-oldrel-windows-ix86+x86_64