CRAN Package Check Results for Package redistmetrics

Last updated on 2024-02-23 11:53:33 CET.

Flavor Version Tinstall Tcheck Ttotal Status Flags
r-devel-linux-x86_64-debian-clang 1.0.7 OK
r-devel-linux-x86_64-debian-gcc 1.0.7 118.64 69.28 187.92 OK
r-devel-linux-x86_64-fedora-clang 1.0.7 356.34 OK
r-devel-linux-x86_64-fedora-gcc 1.0.7 365.66 OK
r-devel-windows-x86_64 1.0.7 114.00 126.00 240.00 OK
r-patched-linux-x86_64 1.0.7 146.39 89.64 236.03 OK
r-release-linux-x86_64 1.0.7 148.14 88.59 236.73 OK
r-release-macos-arm64 1.0.7 115.00 NOTE
r-release-macos-x86_64 1.0.7 128.00 NOTE
r-release-windows-x86_64 1.0.7 147.00 142.00 289.00 OK
r-oldrel-macos-arm64 1.0.7 92.00 NOTE
r-oldrel-windows-x86_64 1.0.7 141.00 134.00 275.00 OK

Check Details

Version: 1.0.7
Check: installed package size
Result: NOTE installed size is 5.0Mb sub-directories of 1Mb or more: libs 4.3Mb Flavors: r-release-macos-arm64, r-release-macos-x86_64, r-oldrel-macos-arm64