CRAN Package Check Results for Package redbookperu

Last updated on 2024-04-17 10:41:47 CEST.

Flavor Version Tinstall Tcheck Ttotal Status Flags
r-devel-linux-x86_64-debian-clang 0.0.2 4.21 25.98 30.19 OK
r-devel-linux-x86_64-debian-gcc 0.0.2 2.90 20.56 23.46 OK
r-devel-linux-x86_64-fedora-clang 0.0.2 38.75 NOTE
r-devel-linux-x86_64-fedora-gcc 0.0.2 37.05 NOTE
r-prerel-macos-arm64 0.0.2 17.00 OK
r-prerel-windows-x86_64 0.0.2 4.00 42.00 46.00 OK
r-patched-linux-x86_64 0.0.2 3.70 25.57 29.27 OK
r-release-linux-x86_64 0.0.2 3.87 26.06 29.93 OK
r-release-macos-arm64 0.0.2 21.00 OK
r-release-macos-x86_64 0.0.2 32.00 OK
r-release-windows-x86_64 0.0.2 5.00 45.00 50.00 OK
r-oldrel-macos-arm64 0.0.2 21.00 OK
r-oldrel-windows-x86_64 0.0.2 7.00 48.00 55.00 OK

Check Details

Version: 0.0.2
Check: data for non-ASCII characters
Result: NOTE Note: found 9698 marked UTF-8 strings Flavors: r-devel-linux-x86_64-fedora-clang, r-devel-linux-x86_64-fedora-gcc