Last updated on 2022-06-25 10:53:12 CEST.
Flavor | Version | Tinstall | Tcheck | Ttotal | Status | Flags |
---|---|---|---|---|---|---|
r-devel-linux-x86_64-debian-clang | 0.5.3 | 63.98 | 107.43 | 171.41 | OK | |
r-devel-linux-x86_64-debian-gcc | 0.5.3 | 52.07 | 78.43 | 130.50 | OK | |
r-devel-linux-x86_64-fedora-clang | 0.5.3 | 237.86 | NOTE | |||
r-devel-linux-x86_64-fedora-gcc | 0.5.3 | 223.66 | OK | |||
r-devel-windows-x86_64 | 0.5.3 | 76.00 | 160.00 | 236.00 | NOTE | |
r-patched-linux-x86_64 | 0.5.3 | 57.25 | 100.50 | 157.75 | OK | |
r-release-linux-x86_64 | 0.5.3 | 62.11 | 99.70 | 161.81 | OK | |
r-release-macos-arm64 | 0.5.3 | 60.00 | NOTE | |||
r-release-macos-x86_64 | 0.5.3 | 108.00 | NOTE | |||
r-release-windows-x86_64 | 0.5.3 | 79.00 | 158.00 | 237.00 | NOTE | |
r-oldrel-macos-arm64 | 0.5.3 | 73.00 | NOTE | |||
r-oldrel-macos-x86_64 | 0.5.3 | 99.00 | NOTE | |||
r-oldrel-windows-ix86+x86_64 | 0.5.3 | 166.00 | 191.00 | 357.00 | NOTE |
Version: 0.5.3
Check: installed package size
Result: NOTE
installed size is 6.6Mb
sub-directories of 1Mb or more:
doc 3.9Mb
libs 2.1Mb
Flavors: r-devel-linux-x86_64-fedora-clang, r-devel-windows-x86_64, r-release-macos-arm64, r-release-macos-x86_64, r-release-windows-x86_64, r-oldrel-macos-arm64, r-oldrel-macos-x86_64, r-oldrel-windows-ix86+x86_64