CRAN Package Check Results for Package reda

Last updated on 2024-02-27 11:50:00 CET.

Flavor Version Tinstall Tcheck Ttotal Status Flags
r-devel-linux-x86_64-debian-clang 0.5.4 66.94 114.08 181.02 NOTE
r-devel-linux-x86_64-debian-gcc 0.5.4 53.57 83.33 136.90 NOTE
r-devel-linux-x86_64-fedora-clang 0.5.4 246.77 NOTE
r-devel-linux-x86_64-fedora-gcc 0.5.4 248.42 NOTE
r-devel-windows-x86_64 0.5.4 54.00 130.00 184.00 NOTE
r-patched-linux-x86_64 0.5.4 70.71 107.92 178.63 NOTE
r-release-linux-x86_64 0.5.4 68.08 107.87 175.95 NOTE
r-release-macos-arm64 0.5.4 70.00 NOTE
r-release-macos-x86_64 0.5.4 118.00 NOTE
r-release-windows-x86_64 0.5.4 70.00 146.00 216.00 NOTE
r-oldrel-macos-arm64 0.5.4 65.00 NOTE
r-oldrel-windows-x86_64 0.5.4 70.00 138.00 208.00 NOTE

Check Details

Version: 0.5.4
Check: C++ specification
Result: NOTE Specified C++11: please drop specification unless essential Flavors: r-devel-linux-x86_64-debian-clang, r-devel-linux-x86_64-debian-gcc, r-devel-linux-x86_64-fedora-clang, r-devel-linux-x86_64-fedora-gcc, r-devel-windows-x86_64, r-patched-linux-x86_64, r-release-linux-x86_64, r-release-macos-arm64, r-release-macos-x86_64, r-release-windows-x86_64

Version: 0.5.4
Check: Rd files
Result: NOTE checkRd: (-1) simEvent.Rd:112: Lost braces; missing escapes or markup? 112 | and another argument named {zCoef} for covariate coefficient vector. | ^ Flavors: r-devel-linux-x86_64-debian-clang, r-devel-linux-x86_64-debian-gcc, r-devel-linux-x86_64-fedora-clang, r-devel-linux-x86_64-fedora-gcc

Version: 0.5.4
Check: installed package size
Result: NOTE installed size is 5.0Mb sub-directories of 1Mb or more: doc 3.3Mb libs 1.1Mb Flavors: r-devel-windows-x86_64, r-release-macos-arm64, r-release-macos-x86_64, r-release-windows-x86_64, r-oldrel-macos-arm64, r-oldrel-windows-x86_64