CRAN Package Check Results for Package recolorize

Last updated on 2024-02-26 12:54:34 CET.

Flavor Version Tinstall Tcheck Ttotal Status Flags
r-devel-linux-x86_64-debian-clang 0.1.0 5.93 208.84 214.77 OK
r-devel-linux-x86_64-debian-gcc 0.1.0 2.65 147.99 150.64 OK
r-devel-linux-x86_64-fedora-clang 0.1.0 222.41 NOTE
r-devel-linux-x86_64-fedora-gcc 0.1.0 258.34 OK
r-devel-windows-x86_64 0.1.0 6.00 160.00 166.00 ERROR
r-patched-linux-x86_64 0.1.0 7.37 185.08 192.45 OK
r-release-linux-x86_64 0.1.0 3.52 188.25 191.77 OK
r-release-macos-arm64 0.1.0 79.00 OK
r-release-macos-x86_64 0.1.0 136.00 OK
r-release-windows-x86_64 0.1.0 8.00 201.00 209.00 OK
r-oldrel-macos-arm64 0.1.0 94.00 OK
r-oldrel-windows-x86_64 0.1.0 7.00 191.00 198.00 OK

Check Details

Version: 0.1.0
Check: Rd cross-references
Result: NOTE Undeclared package ‘jpeg’ in Rd xrefs Flavor: r-devel-linux-x86_64-fedora-clang

Version: 0.1.0
Check: examples
Result: WARN Found the following significant warnings: Warning in is.R() : 'is.R' is deprecated. Deprecated functions may be defunct as soon as of the next release of R. See ?Deprecated. Flavor: r-devel-windows-x86_64

Version: 0.1.0
Check: re-building of vignette outputs
Result: ERROR Error(s) in re-building vignettes: --- re-building 'Introduction.Rmd' using rmarkdown --- finished re-building 'Introduction.Rmd' --- re-building 'step00_prep.Rmd' using rmarkdown --- finished re-building 'step00_prep.Rmd' --- re-building 'step01_loading.Rmd' using rmarkdown --- finished re-building 'step01_loading.Rmd' --- re-building 'step02_initial_cluster.Rmd' using rmarkdown --- finished re-building 'step02_initial_cluster.Rmd' --- re-building 'step03_refinement.Rmd' using rmarkdown --- finished re-building 'step03_refinement.Rmd' --- re-building 'step04_manual_tweak.Rmd' using rmarkdown --- re-building 'step05_visualization_export.Rmd' using rmarkdown --- finished re-building 'step05_visualization_export.Rmd' SUMMARY: processing the following file failed: 'step04_manual_tweak.Rmd' Error: Vignette re-building failed. Execution halted Flavor: r-devel-windows-x86_64