CRAN Package Check Results for Package recoder

Last updated on 2022-07-03 11:53:47 CEST.

Flavor Version Tinstall Tcheck Ttotal Status Flags
r-devel-linux-x86_64-debian-clang 0.1 2.17 22.80 24.97 OK
r-devel-linux-x86_64-debian-gcc 0.1 1.69 18.00 19.69 OK
r-devel-linux-x86_64-fedora-clang 0.1 40.90 NOTE
r-devel-linux-x86_64-fedora-gcc 0.1 40.77 OK
r-devel-windows-x86_64 0.1 8.00 54.00 62.00 OK
r-patched-linux-x86_64 0.1 2.14 22.03 24.17 OK
r-release-linux-x86_64 0.1 2.01 22.64 24.65 OK
r-release-macos-arm64 0.1 14.00 OK
r-release-macos-x86_64 0.1 20.00 OK
r-release-windows-x86_64 0.1 7.00 56.00 63.00 OK
r-oldrel-macos-arm64 0.1 18.00 OK
r-oldrel-macos-x86_64 0.1 24.00 OK
r-oldrel-windows-ix86+x86_64 0.1 5.00 41.00 46.00 OK

Check Details

Version: 0.1
Check: Rd cross-references
Result: NOTE
    Undeclared package ‘car’ in Rd xrefs
Flavor: r-devel-linux-x86_64-fedora-clang