Last updated on 2025-07-13 12:49:26 CEST.
Flavor | Version | Tinstall | Tcheck | Ttotal | Status | Flags |
---|---|---|---|---|---|---|
r-devel-linux-x86_64-debian-clang | 1.0.17 | 13.93 | 132.67 | 146.60 | NOTE | |
r-devel-linux-x86_64-debian-gcc | 1.0.17 | 12.84 | 95.87 | 108.71 | NOTE | |
r-devel-linux-x86_64-fedora-clang | 1.0.17 | 224.62 | OK | |||
r-devel-linux-x86_64-fedora-gcc | 1.0.17 | 247.60 | OK | |||
r-devel-windows-x86_64 | 1.0.17 | 20.00 | 140.00 | 160.00 | NOTE | |
r-patched-linux-x86_64 | 1.0.17 | 17.75 | 126.93 | 144.68 | NOTE | |
r-release-linux-x86_64 | 1.0.17 | 16.58 | 126.78 | 143.36 | NOTE | |
r-release-macos-arm64 | 1.0.17 | 79.00 | OK | |||
r-release-macos-x86_64 | 1.0.17 | 134.00 | OK | |||
r-release-windows-x86_64 | 1.0.17 | 20.00 | 148.00 | 168.00 | NOTE | |
r-oldrel-macos-arm64 | 1.0.17 | 66.00 | OK | |||
r-oldrel-macos-x86_64 | 1.0.17 | 110.00 | OK | |||
r-oldrel-windows-x86_64 | 1.0.17 | 23.00 | 180.00 | 203.00 | OK |
Version: 1.0.17
Check: Rd cross-references
Result: NOTE
Found the following Rd file(s) with Rd \link{} targets missing package
anchors:
as.recmap.SpatialPolygonsDataFrame.Rd: SpatialPolygonsDataFrame
dot-get_7triangles.Rd: SpatialPolygons
Please provide package anchors for all Rd \link{} targets not in the
package itself and the base packages.
Flavors: r-devel-linux-x86_64-debian-clang, r-devel-linux-x86_64-debian-gcc, r-devel-windows-x86_64, r-patched-linux-x86_64, r-release-linux-x86_64, r-release-windows-x86_64