Last updated on 2022-06-30 11:53:17 CEST.
Flavor | Version | Tinstall | Tcheck | Ttotal | Status | Flags |
---|---|---|---|---|---|---|
r-devel-linux-x86_64-debian-clang | 0.1.1 | 24.80 | 62.78 | 87.58 | OK | |
r-devel-linux-x86_64-debian-gcc | 0.1.1 | 18.36 | 46.33 | 64.69 | OK | |
r-devel-linux-x86_64-fedora-clang | 0.1.1 | 125.50 | NOTE | |||
r-devel-linux-x86_64-fedora-gcc | 0.1.1 | 112.99 | OK | |||
r-devel-windows-x86_64 | 0.1.1 | 68.00 | 116.00 | 184.00 | OK | |
r-patched-linux-x86_64 | 0.1.1 | 21.88 | 57.76 | 79.64 | OK | |
r-release-linux-x86_64 | 0.1.1 | 20.05 | 58.34 | 78.39 | OK | |
r-release-macos-arm64 | 0.1.1 | 45.00 | OK | |||
r-release-macos-x86_64 | 0.1.1 | 59.00 | OK | |||
r-release-windows-x86_64 | 0.1.1 | 67.00 | 119.00 | 186.00 | OK | |
r-oldrel-macos-arm64 | 0.1.1 | 43.00 | OK | |||
r-oldrel-macos-x86_64 | 0.1.1 | 69.00 | OK | |||
r-oldrel-windows-ix86+x86_64 | 0.1.1 | 65.00 | 144.00 | 209.00 | OK |
Version: 0.1.1
Check: Rd cross-references
Result: NOTE
Undeclared package ‘snow’ in Rd xrefs
Flavor: r-devel-linux-x86_64-fedora-clang