CRAN Package Check Results for Package rebus.unicode

Last updated on 2023-02-07 11:52:18 CET.

Flavor Version Tinstall Tcheck Ttotal Status Flags
r-devel-linux-x86_64-debian-clang 0.0-2 3.17 27.60 30.77 NOTE
r-devel-linux-x86_64-debian-gcc 0.0-2 2.51 21.60 24.11 NOTE
r-devel-linux-x86_64-fedora-clang 0.0-2 39.16 NOTE
r-devel-linux-x86_64-fedora-gcc 0.0-2 38.05 NOTE
r-devel-windows-x86_64 0.0-2 156.00 55.00 211.00 NOTE
r-patched-linux-x86_64 0.0-2 3.88 26.32 30.20 NOTE
r-release-linux-x86_64 0.0-2 3.65 27.52 31.17 NOTE
r-release-macos-arm64 0.0-2 18.00 NOTE
r-release-macos-x86_64 0.0-2 23.00 NOTE
r-release-windows-x86_64 0.0-2 159.00 58.00 217.00 NOTE
r-oldrel-macos-arm64 0.0-2 19.00 NOTE
r-oldrel-macos-x86_64 0.0-2 28.00 NOTE
r-oldrel-windows-ix86+x86_64 0.0-2 8.00 51.00 59.00 NOTE

Check Details

Version: 0.0-2
Check: LazyData
Result: NOTE
     'LazyData' is specified without a 'data' directory
Flavors: r-devel-linux-x86_64-debian-clang, r-devel-linux-x86_64-debian-gcc, r-devel-linux-x86_64-fedora-clang, r-devel-linux-x86_64-fedora-gcc, r-devel-windows-x86_64, r-patched-linux-x86_64, r-release-linux-x86_64, r-release-macos-arm64, r-release-macos-x86_64, r-release-windows-x86_64, r-oldrel-macos-arm64, r-oldrel-macos-x86_64, r-oldrel-windows-ix86+x86_64