CRAN Package Check Results for Package rebus.numbers

Last updated on 2022-06-30 11:53:17 CEST.

Flavor Version Tinstall Tcheck Ttotal Status Flags
r-devel-linux-x86_64-debian-clang 0.0-1 1.84 23.13 24.97 NOTE
r-devel-linux-x86_64-debian-gcc 0.0-1 1.53 18.60 20.13 NOTE
r-devel-linux-x86_64-fedora-clang 0.0-1 41.76 NOTE
r-devel-linux-x86_64-fedora-gcc 0.0-1 41.56 NOTE
r-devel-windows-x86_64 0.0-1 13.00 49.00 62.00 NOTE
r-patched-linux-x86_64 0.0-1 3.35 23.35 26.70 NOTE
r-release-linux-x86_64 0.0-1 2.04 23.46 25.50 NOTE
r-release-macos-arm64 0.0-1 15.00 NOTE
r-release-macos-x86_64 0.0-1 22.00 NOTE
r-release-windows-x86_64 0.0-1 12.00 47.00 59.00 NOTE
r-oldrel-macos-arm64 0.0-1 22.00 NOTE
r-oldrel-macos-x86_64 0.0-1 27.00 NOTE
r-oldrel-windows-ix86+x86_64 0.0-1 5.00 44.00 49.00 NOTE

Check Details

Version: 0.0-1
Check: LazyData
Result: NOTE
     'LazyData' is specified without a 'data' directory
Flavors: r-devel-linux-x86_64-debian-clang, r-devel-linux-x86_64-debian-gcc, r-devel-linux-x86_64-fedora-clang, r-devel-linux-x86_64-fedora-gcc, r-devel-windows-x86_64, r-patched-linux-x86_64, r-release-linux-x86_64, r-release-macos-arm64, r-release-macos-x86_64, r-release-windows-x86_64, r-oldrel-macos-arm64, r-oldrel-macos-x86_64, r-oldrel-windows-ix86+x86_64