CRAN Package Check Results for Package readthat

Last updated on 2022-06-26 11:52:42 CEST.

Flavor Version Tinstall Tcheck Ttotal Status Flags
r-devel-linux-x86_64-debian-clang 0.0.1 27.48 30.93 58.41 NOTE
r-devel-linux-x86_64-debian-gcc 0.0.1 17.84 23.73 41.57 NOTE
r-devel-linux-x86_64-fedora-clang 0.0.1 89.41 NOTE
r-devel-linux-x86_64-fedora-gcc 0.0.1 78.71 NOTE
r-devel-windows-x86_64 0.0.1 32.00 72.00 104.00 NOTE
r-patched-linux-x86_64 0.0.1 15.54 29.51 45.05 NOTE
r-release-linux-x86_64 0.0.1 19.43 29.44 48.87 NOTE
r-release-macos-arm64 0.0.1 23.00 NOTE
r-release-macos-x86_64 0.0.1 35.00 NOTE
r-release-windows-x86_64 0.0.1 37.00 74.00 111.00 NOTE
r-oldrel-macos-arm64 0.0.1 28.00 NOTE
r-oldrel-macos-x86_64 0.0.1 40.00 NOTE
r-oldrel-windows-ix86+x86_64 0.0.1 63.00 86.00 149.00 NOTE

Check Details

Version: 0.0.1
Check: LazyData
Result: NOTE
     'LazyData' is specified without a 'data' directory
Flavors: r-devel-linux-x86_64-debian-clang, r-devel-linux-x86_64-debian-gcc, r-devel-linux-x86_64-fedora-clang, r-devel-linux-x86_64-fedora-gcc, r-devel-windows-x86_64, r-patched-linux-x86_64, r-release-linux-x86_64, r-release-macos-arm64, r-release-macos-x86_64, r-release-windows-x86_64, r-oldrel-macos-arm64, r-oldrel-macos-x86_64, r-oldrel-windows-ix86+x86_64