CRAN Package Check Results for Package readmnist

Last updated on 2023-10-01 12:00:47 CEST.

Flavor Version Tinstall Tcheck Ttotal Status Flags
r-devel-linux-x86_64-debian-clang 1.0.6 1.99 19.38 21.37 NOTE
r-devel-linux-x86_64-debian-gcc 1.0.6 1.49 15.35 16.84 NOTE
r-devel-linux-x86_64-fedora-clang 1.0.6 26.37 NOTE
r-devel-linux-x86_64-fedora-gcc 1.0.6 25.98 NOTE
r-devel-windows-x86_64 1.0.6 2.00 34.00 36.00 NOTE
r-patched-linux-x86_64 1.0.6 2.03 18.96 20.99 NOTE
r-release-linux-x86_64 1.0.6 2.09 19.17 21.26 NOTE
r-release-macos-arm64 1.0.6 13.00 NOTE
r-release-macos-x86_64 1.0.6 18.00 NOTE
r-release-windows-x86_64 1.0.6 3.00 37.00 40.00 NOTE
r-oldrel-macos-arm64 1.0.6 13.00 NOTE
r-oldrel-macos-x86_64 1.0.6 19.00 NOTE
r-oldrel-windows-x86_64 1.0.6 4.00 42.00 46.00 NOTE

Check Details

Version: 1.0.6
Check: Rd contents
Result: NOTE
    Auto-generated content requiring editing in Rd object 'readmnist-package':
     \details: ‘...the package, including the most important ~~ ~~ functions ~~’
Flavors: r-devel-linux-x86_64-debian-clang, r-devel-linux-x86_64-debian-gcc, r-devel-linux-x86_64-fedora-clang, r-devel-linux-x86_64-fedora-gcc, r-devel-windows-x86_64

Version: 1.0.6
Check: LazyData
Result: NOTE
     'LazyData' is specified without a 'data' directory
Flavors: r-devel-linux-x86_64-debian-clang, r-devel-linux-x86_64-debian-gcc, r-devel-linux-x86_64-fedora-clang, r-devel-linux-x86_64-fedora-gcc, r-devel-windows-x86_64, r-patched-linux-x86_64, r-release-linux-x86_64, r-release-macos-arm64, r-release-macos-x86_64, r-release-windows-x86_64, r-oldrel-macos-arm64, r-oldrel-macos-x86_64, r-oldrel-windows-x86_64