Last updated on 2025-04-29 12:52:47 CEST.
Flavor | Version | Tinstall | Tcheck | Ttotal | Status | Flags |
---|---|---|---|---|---|---|
r-devel-linux-x86_64-debian-clang | 1.7.1 | 3.01 | 29.09 | 32.10 | NOTE | |
r-devel-linux-x86_64-debian-gcc | 1.7.1 | 2.12 | 21.10 | 23.22 | NOTE | |
r-devel-linux-x86_64-fedora-clang | 1.7.1 | 50.34 | OK | |||
r-devel-linux-x86_64-fedora-gcc | 1.7.1 | 47.66 | OK | |||
r-devel-windows-x86_64 | 1.7.1 | 4.00 | 48.00 | 52.00 | OK | |
r-patched-linux-x86_64 | 1.7.1 | 3.32 | 27.56 | 30.88 | OK | |
r-release-linux-x86_64 | 1.7.1 | 2.79 | 28.32 | 31.11 | OK | |
r-release-macos-arm64 | 1.7.1 | 17.00 | OK | |||
r-release-macos-x86_64 | 1.7.1 | 27.00 | OK | |||
r-release-windows-x86_64 | 1.7.1 | 4.00 | 52.00 | 56.00 | OK | |
r-oldrel-macos-arm64 | 1.7.1 | 16.00 | OK | |||
r-oldrel-macos-x86_64 | 1.7.1 | 24.00 | OK | |||
r-oldrel-windows-x86_64 | 1.7.1 | 4.00 | 46.00 | 50.00 | OK |
Version: 1.7.1
Check: CRAN incoming feasibility
Result: NOTE
Maintainer: ‘Clemens Druee <druee@uni-trier.de>’
No Authors@R field in DESCRIPTION.
Please add one, modifying
Authors@R: c(person(given = "Clemens",
family = "Druee",
role = c("aut", "cre"),
email = "druee@uni-trier.de"),
person(given = "Universitaet",
family = "Trier",
role = "aut"))
as necessary.
Flavors: r-devel-linux-x86_64-debian-clang, r-devel-linux-x86_64-debian-gcc