Last updated on 2025-11-02 13:49:49 CET.
| Flavor | Version | Tinstall | Tcheck | Ttotal | Status | Flags |
|---|---|---|---|---|---|---|
| r-devel-linux-x86_64-debian-clang | 1.0.3 | 2.90 | 169.95 | 172.85 | OK | |
| r-devel-linux-x86_64-debian-gcc | 1.0.3 | 2.00 | 113.03 | 115.03 | OK | |
| r-devel-linux-x86_64-fedora-clang | 1.0.3 | 281.23 | OK | |||
| r-devel-linux-x86_64-fedora-gcc | 1.0.3 | 292.82 | OK | |||
| r-devel-windows-x86_64 | 1.0.3 | 7.00 | 194.00 | 201.00 | OK | |
| r-patched-linux-x86_64 | 1.0.2 | 3.10 | 164.76 | 167.86 | OK | |
| r-release-linux-x86_64 | 1.0.3 | 2.82 | 173.65 | 176.47 | OK | |
| r-release-macos-arm64 | 1.0.3 | 1.00 | 155.00 | 156.00 | OK | |
| r-release-macos-x86_64 | 1.0.3 | 4.00 | 400.00 | 404.00 | OK | |
| r-release-windows-x86_64 | 1.0.3 | 5.00 | 213.00 | 218.00 | OK | |
| r-oldrel-macos-arm64 | 1.0.3 | 1.00 | 149.00 | 150.00 | NOTE | |
| r-oldrel-macos-x86_64 | 1.0.3 | 4.00 | 412.00 | 416.00 | NOTE | |
| r-oldrel-windows-x86_64 | 1.0.3 | 10.00 | 237.00 | 247.00 | NOTE |
Version: 1.0.3
Check: installed package size
Result: NOTE
installed size is 6.3Mb
sub-directories of 1Mb or more:
doc 5.9Mb
Flavors: r-oldrel-macos-arm64, r-oldrel-macos-x86_64, r-oldrel-windows-x86_64