Last updated on 2022-06-25 10:53:12 CEST.
Flavor | Version | Tinstall | Tcheck | Ttotal | Status | Flags |
---|---|---|---|---|---|---|
r-devel-linux-x86_64-debian-clang | 2.0.0 | 9.56 | 102.87 | 112.43 | NOTE | |
r-devel-linux-x86_64-debian-gcc | 2.0.0 | 6.31 | 77.39 | 83.70 | NOTE | |
r-devel-linux-x86_64-fedora-clang | 2.0.0 | 145.99 | NOTE | |||
r-devel-linux-x86_64-fedora-gcc | 2.0.0 | 143.32 | NOTE | |||
r-devel-windows-x86_64 | 2.0.0 | 72.00 | 147.00 | 219.00 | NOTE | |
r-patched-linux-x86_64 | 2.0.0 | 10.39 | 99.27 | 109.66 | NOTE | |
r-release-linux-x86_64 | 2.0.0 | 8.98 | 97.38 | 106.36 | NOTE | |
r-release-macos-arm64 | 2.0.0 | 35.00 | NOTE | |||
r-release-macos-x86_64 | 2.0.0 | 68.00 | NOTE | |||
r-release-windows-x86_64 | 2.0.0 | 93.00 | 137.00 | 230.00 | NOTE | |
r-oldrel-macos-arm64 | 2.0.0 | 36.00 | NOTE | |||
r-oldrel-macos-x86_64 | 2.0.0 | 50.00 | NOTE | |||
r-oldrel-windows-ix86+x86_64 | 2.0.0 | 19.00 | 142.00 | 161.00 | NOTE |
Version: 2.0.0
Check: package dependencies
Result: NOTE
Package suggested but not available for checking: 'dataui'
Flavors: r-devel-linux-x86_64-debian-clang, r-devel-linux-x86_64-debian-gcc, r-devel-linux-x86_64-fedora-clang, r-devel-linux-x86_64-fedora-gcc, r-devel-windows-x86_64, r-patched-linux-x86_64, r-release-linux-x86_64, r-release-macos-arm64, r-release-macos-x86_64, r-release-windows-x86_64, r-oldrel-macos-arm64, r-oldrel-macos-x86_64, r-oldrel-windows-ix86+x86_64