Last updated on 2024-04-25 08:00:03 CEST.
Flavor | Version | Tinstall | Tcheck | Ttotal | Status | Flags |
---|---|---|---|---|---|---|
r-devel-linux-x86_64-debian-clang | 0.1.3 | 214.25 | 41.93 | 256.18 | OK | |
r-devel-linux-x86_64-debian-gcc | 0.1.3 | 155.00 | 32.06 | 187.06 | OK | |
r-devel-linux-x86_64-fedora-clang | 0.1.3 | 406.00 | OK | |||
r-devel-linux-x86_64-fedora-gcc | 0.1.3 | 392.49 | OK | |||
r-devel-windows-x86_64 | 0.1.3 | 168.00 | 84.00 | 252.00 | OK | |
r-patched-linux-x86_64 | 0.1.3 | 199.16 | 39.32 | 238.48 | OK | |
r-release-linux-x86_64 | 0.1.3 | 203.50 | 37.94 | 241.44 | OK | |
r-release-macos-arm64 | 0.1.3 | 72.00 | NOTE | |||
r-release-windows-x86_64 | 0.1.3 | 163.00 | 82.00 | 245.00 | OK | |
r-oldrel-macos-arm64 | 0.1.3 | 108.00 | NOTE | |||
r-oldrel-macos-x86_64 | 0.1.3 | 125.00 | NOTE | |||
r-oldrel-windows-x86_64 | 0.1.3 | 158.00 | 92.00 | 250.00 | OK |
Version: 0.1.3
Check: installed package size
Result: NOTE
installed size is 8.9Mb
sub-directories of 1Mb or more:
libs 8.6Mb
Flavors: r-release-macos-arm64, r-oldrel-macos-arm64, r-oldrel-macos-x86_64