CRAN Package Check Results for Package rdist

Last updated on 2022-06-30 11:53:17 CEST.

Flavor Version Tinstall Tcheck Ttotal Status Flags
r-devel-linux-x86_64-debian-clang 0.0.5 148.09 33.13 181.22 NOTE
r-devel-linux-x86_64-debian-gcc 0.0.5 117.48 25.39 142.87 NOTE
r-devel-linux-x86_64-fedora-clang 0.0.5 286.61 NOTE
r-devel-linux-x86_64-fedora-gcc 0.0.5 248.92 NOTE
r-devel-windows-x86_64 0.0.5 115.00 77.00 192.00 NOTE
r-patched-linux-x86_64 0.0.5 122.91 32.00 154.91 NOTE
r-release-linux-x86_64 0.0.5 132.93 31.77 164.70 NOTE
r-release-macos-arm64 0.0.5 56.00 NOTE
r-release-macos-x86_64 0.0.5 80.00 NOTE
r-release-windows-x86_64 0.0.5 119.00 79.00 198.00 NOTE
r-oldrel-macos-arm64 0.0.5 60.00 NOTE
r-oldrel-macos-x86_64 0.0.5 118.00 NOTE
r-oldrel-windows-ix86+x86_64 0.0.5 364.00 80.00 444.00 NOTE

Check Details

Version: 0.0.5
Check: LazyData
Result: NOTE
     'LazyData' is specified without a 'data' directory
Flavors: r-devel-linux-x86_64-debian-clang, r-devel-linux-x86_64-debian-gcc, r-devel-linux-x86_64-fedora-clang, r-devel-linux-x86_64-fedora-gcc, r-devel-windows-x86_64, r-patched-linux-x86_64, r-release-linux-x86_64, r-release-macos-arm64, r-release-macos-x86_64, r-release-windows-x86_64, r-oldrel-macos-arm64, r-oldrel-macos-x86_64, r-oldrel-windows-ix86+x86_64