Last updated on 2025-05-16 11:50:04 CEST.
Flavor | Version | Tinstall | Tcheck | Ttotal | Status | Flags |
---|---|---|---|---|---|---|
r-devel-linux-x86_64-debian-clang | 1.3.2 | 17.44 | 136.77 | 154.21 | NOTE | |
r-devel-linux-x86_64-debian-gcc | 1.3.2 | 13.05 | 100.88 | 113.93 | NOTE | |
r-devel-linux-x86_64-fedora-clang | 1.3.2 | 264.71 | OK | |||
r-devel-linux-x86_64-fedora-gcc | 1.3.2 | 280.62 | OK | |||
r-devel-windows-x86_64 | 1.3.2 | 20.00 | 144.00 | 164.00 | NOTE | |
r-patched-linux-x86_64 | 1.3.2 | 18.84 | 129.14 | 147.98 | NOTE | |
r-release-linux-x86_64 | 1.3.2 | 17.13 | 129.61 | 146.74 | NOTE | |
r-release-macos-arm64 | 1.3.2 | 83.00 | OK | |||
r-release-macos-x86_64 | 1.3.2 | 157.00 | OK | |||
r-release-windows-x86_64 | 1.3.2 | 18.00 | 136.00 | 154.00 | NOTE | |
r-oldrel-macos-arm64 | 1.3.2 | 90.00 | OK | |||
r-oldrel-macos-x86_64 | 1.3.2 | 112.00 | OK | |||
r-oldrel-windows-x86_64 | 1.3.2 | 22.00 | 157.00 | 179.00 | OK |
Version: 1.3.2
Check: Rd cross-references
Result: NOTE
Found the following Rd file(s) with Rd \link{} targets missing package
anchors:
mrd_est.Rd: vcovHC
mrd_impute.Rd: vcovHC
rd_est.Rd: vcovHC
rd_impute.Rd: vcovHC
Please provide package anchors for all Rd \link{} targets not in the
package itself and the base packages.
Flavors: r-devel-linux-x86_64-debian-clang, r-devel-linux-x86_64-debian-gcc, r-devel-windows-x86_64, r-patched-linux-x86_64, r-release-linux-x86_64, r-release-windows-x86_64