Last updated on 2023-10-02 11:11:03 CEST.
Flavor | Version | Tinstall | Tcheck | Ttotal | Status | Flags |
---|---|---|---|---|---|---|
r-devel-linux-x86_64-debian-clang | 0.1.1 | 67.25 | 476.87 | 544.12 | OK | |
r-devel-linux-x86_64-debian-gcc | 0.1.1 | 52.08 | 346.87 | 398.95 | OK | |
r-devel-linux-x86_64-fedora-clang | 0.1.1 | 674.76 | NOTE | |||
r-devel-linux-x86_64-fedora-gcc | 0.1.1 | 667.50 | NOTE | |||
r-devel-windows-x86_64 | 0.1.1 | 56.00 | 448.00 | 504.00 | OK | |
r-patched-linux-x86_64 | 0.1.1 | 50.51 | 443.69 | 494.20 | OK | |
r-release-linux-x86_64 | 0.1.1 | 52.73 | 453.29 | 506.02 | OK | |
r-release-macos-arm64 | 0.1.1 | 230.00 | NOTE | |||
r-release-macos-x86_64 | 0.1.1 | 396.00 | NOTE | |||
r-release-windows-x86_64 | 0.1.1 | 76.00 | 558.00 | 634.00 | OK | |
r-oldrel-macos-arm64 | 0.1.1 | 150.00 | ERROR | |||
r-oldrel-macos-x86_64 | 0.1.1 | 181.00 | ERROR | |||
r-oldrel-windows-x86_64 | 0.1.1 | 77.00 | 531.00 | 608.00 | OK |
Version: 0.1.1
Check: Rd cross-references
Result: NOTE
Undeclared packages ‘nominatimlite’, ‘lutz’ in Rd xrefs
Flavor: r-devel-linux-x86_64-fedora-clang
Version: 0.1.1
Check: data for non-ASCII characters
Result: NOTE
Note: found 1 marked UTF-8 string
Flavors: r-devel-linux-x86_64-fedora-clang, r-devel-linux-x86_64-fedora-gcc
Version: 0.1.1
Check: installed package size
Result: NOTE
installed size is 6.8Mb
sub-directories of 1Mb or more:
libs 4.9Mb
Flavors: r-release-macos-arm64, r-release-macos-x86_64, r-oldrel-macos-arm64
Version: 0.1.1
Check: PDF version of manual
Result: WARN
LaTeX errors when creating PDF version.
This typically indicates Rd problems.
LaTeX errors found:
! Undefined control sequence.
<argument> ...end_X(t)+Seasonal_{x,Period}(t \mod
p [mod Period]) + Irregula...
l.342 Irregular(t)}{}
! Undefined control sequence.
<argument> Seasonal_{x,Period}(t \mod
p [mod Period])
l.348 ...nal_{x,Period}(t \mod p [mod Period])}{}
the seasonal pattern
Flavor: r-oldrel-macos-arm64
Version: 0.1.1
Check: PDF version of manual without index
Result: ERROR
Flavor: r-oldrel-macos-arm64
Version: 0.1.1
Check: whether package can be installed
Result: ERROR
Installation failed.
Flavor: r-oldrel-macos-x86_64