Last updated on 2024-04-19 11:56:58 CEST.
Flavor | Version | Tinstall | Tcheck | Ttotal | Status | Flags |
---|---|---|---|---|---|---|
r-devel-linux-x86_64-debian-clang | 0.1.1 | 71.87 | 417.38 | 489.25 | OK | |
r-devel-linux-x86_64-debian-gcc | 0.1.1 | OK | ||||
r-devel-linux-x86_64-fedora-clang | 0.1.1 | 592.46 | NOTE | |||
r-devel-linux-x86_64-fedora-gcc | 0.1.1 | 580.49 | NOTE | |||
r-prerel-macos-arm64 | 0.1.1 | 147.00 | NOTE | |||
r-prerel-windows-x86_64 | 0.1.1 | 51.00 | 388.00 | 439.00 | OK | |
r-patched-linux-x86_64 | 0.1.1 | 67.09 | 387.93 | 455.02 | OK | |
r-release-linux-x86_64 | 0.1.1 | 42.91 | 387.71 | 430.62 | OK | |
r-release-macos-arm64 | 0.1.1 | 230.00 | NOTE | |||
r-release-macos-x86_64 | 0.1.1 | 396.00 | NOTE | |||
r-release-windows-x86_64 | 0.1.1 | 69.00 | 494.00 | 563.00 | OK | |
r-oldrel-macos-arm64 | 0.1.1 | 170.00 | NOTE | |||
r-oldrel-windows-x86_64 | 0.1.1 | 70.00 | 472.00 | 542.00 | OK |
Version: 0.1.1
Check: Rd cross-references
Result: NOTE
Undeclared packages ‘nominatimlite’, ‘lutz’ in Rd xrefs
Flavor: r-devel-linux-x86_64-fedora-clang
Version: 0.1.1
Check: data for non-ASCII characters
Result: NOTE
Note: found 1 marked UTF-8 string
Flavors: r-devel-linux-x86_64-fedora-clang, r-devel-linux-x86_64-fedora-gcc
Version: 0.1.1
Check: installed package size
Result: NOTE
installed size is 6.8Mb
sub-directories of 1Mb or more:
libs 4.9Mb
Flavors: r-prerel-macos-arm64, r-release-macos-arm64, r-release-macos-x86_64, r-oldrel-macos-arm64