Last updated on 2022-06-26 11:52:41 CEST.
Flavor | Version | Tinstall | Tcheck | Ttotal | Status | Flags |
---|---|---|---|---|---|---|
r-devel-linux-x86_64-debian-clang | 1.0.2 | 46.99 | 73.63 | 120.62 | OK | |
r-devel-linux-x86_64-debian-gcc | 1.0.2 | 38.07 | 57.40 | 95.47 | OK | |
r-devel-linux-x86_64-fedora-clang | 1.0.2 | 166.46 | NOTE | |||
r-devel-linux-x86_64-fedora-gcc | 1.0.2 | 162.33 | NOTE | |||
r-devel-windows-x86_64 | 1.0.2 | 42.00 | 113.00 | 155.00 | OK | |
r-patched-linux-x86_64 | 1.0.2 | 40.97 | 71.39 | 112.36 | OK | |
r-release-linux-x86_64 | 1.0.2 | 36.27 | 71.04 | 107.31 | OK | |
r-release-macos-arm64 | 1.0.2 | 44.00 | NOTE | |||
r-release-macos-x86_64 | 1.0.2 | 78.00 | NOTE | |||
r-release-windows-x86_64 | 1.0.2 | 46.00 | 119.00 | 165.00 | OK | |
r-oldrel-macos-arm64 | 1.0.2 | 46.00 | NOTE | |||
r-oldrel-macos-x86_64 | 1.0.2 | 76.00 | NOTE | |||
r-oldrel-windows-ix86+x86_64 | 1.0.2 | 105.00 | 134.00 | 239.00 | OK |
Version: 1.0.2
Check: dependencies in R code
Result: NOTE
Namespace in Imports field not imported from: ‘dplyr’
All declared Imports should be used.
Flavors: r-devel-linux-x86_64-fedora-clang, r-devel-linux-x86_64-fedora-gcc, r-release-macos-arm64, r-release-macos-x86_64, r-oldrel-macos-arm64, r-oldrel-macos-x86_64