Last updated on 2025-04-29 12:52:46 CEST.
Flavor | Version | Tinstall | Tcheck | Ttotal | Status | Flags |
---|---|---|---|---|---|---|
r-devel-linux-x86_64-debian-clang | 2.2 | 2.33 | 23.92 | 26.25 | NOTE | |
r-devel-linux-x86_64-debian-gcc | 2.2 | 1.68 | 18.50 | 20.18 | NOTE | |
r-devel-linux-x86_64-fedora-clang | 2.2 | 44.38 | OK | |||
r-devel-linux-x86_64-fedora-gcc | 2.2 | 38.71 | OK | |||
r-devel-windows-x86_64 | 2.2 | 2.00 | 48.00 | 50.00 | OK | |
r-patched-linux-x86_64 | 2.2 | 2.27 | 23.12 | 25.39 | OK | |
r-release-linux-x86_64 | 2.2 | 1.99 | 22.52 | 24.51 | OK | |
r-release-macos-arm64 | 2.2 | 20.00 | OK | |||
r-release-macos-x86_64 | 2.2 | 38.00 | OK | |||
r-release-windows-x86_64 | 2.2 | 3.00 | 51.00 | 54.00 | OK | |
r-oldrel-macos-arm64 | 2.2 | 17.00 | OK | |||
r-oldrel-macos-x86_64 | 2.2 | 33.00 | OK | |||
r-oldrel-windows-x86_64 | 2.2 | 3.00 | 46.00 | 49.00 | OK |
Version: 2.2
Check: CRAN incoming feasibility
Result: NOTE
Maintainer: ‘Luke J. Keele <luke.keele@gmail.com>’
No Authors@R field in DESCRIPTION.
Please add one, modifying
Authors@R: person(given = c("Luke", "J."),
family = "Keele",
role = c("aut", "cre"),
email = "luke.keele@gmail.com")
as necessary.
Flavors: r-devel-linux-x86_64-debian-clang, r-devel-linux-x86_64-debian-gcc