Last updated on 2024-04-19 11:56:57 CEST.
Flavor | Version | Tinstall | Tcheck | Ttotal | Status | Flags |
---|---|---|---|---|---|---|
r-devel-linux-x86_64-debian-clang | 1.0.0 | 2.78 | 19.12 | 21.90 | NOTE | |
r-devel-linux-x86_64-debian-gcc | 1.0.0 | NOTE | ||||
r-devel-linux-x86_64-fedora-clang | 1.0.0 | 28.50 | NOTE | |||
r-devel-linux-x86_64-fedora-gcc | 1.0.0 | 26.86 | NOTE | |||
r-prerel-macos-arm64 | 1.0.0 | 14.00 | NOTE | |||
r-prerel-windows-x86_64 | 1.0.0 | 3.00 | 36.00 | 39.00 | NOTE | |
r-patched-linux-x86_64 | 1.0.0 | 2.37 | 18.99 | 21.36 | NOTE | |
r-release-linux-x86_64 | 1.0.0 | 2.30 | 19.29 | 21.59 | NOTE | |
r-release-macos-arm64 | 1.0.0 | 15.00 | NOTE | |||
r-release-macos-x86_64 | 1.0.0 | 18.00 | NOTE | |||
r-release-windows-x86_64 | 1.0.0 | 4.00 | 35.00 | 39.00 | NOTE | |
r-oldrel-macos-arm64 | 1.0.0 | 18.00 | NOTE | |||
r-oldrel-windows-x86_64 | 1.0.0 | 4.00 | 40.00 | 44.00 | NOTE |
Version: 1.0.0
Check: LazyData
Result: NOTE
'LazyData' is specified without a 'data' directory
Flavors: r-devel-linux-x86_64-debian-clang, r-devel-linux-x86_64-debian-gcc, r-devel-linux-x86_64-fedora-clang, r-devel-linux-x86_64-fedora-gcc, r-prerel-macos-arm64, r-prerel-windows-x86_64, r-patched-linux-x86_64, r-release-linux-x86_64, r-release-macos-arm64, r-release-macos-x86_64, r-release-windows-x86_64, r-oldrel-macos-arm64, r-oldrel-windows-x86_64