Last updated on 2022-07-02 12:53:12 CEST.
Flavor | Version | Tinstall | Tcheck | Ttotal | Status | Flags |
---|---|---|---|---|---|---|
r-devel-linux-x86_64-debian-clang | 1.1-0 | 373.25 | 200.19 | 573.44 | NOTE | |
r-devel-linux-x86_64-debian-gcc | 1.1-0 | 342.78 | 163.59 | 506.37 | NOTE | |
r-devel-linux-x86_64-fedora-clang | 1.1-0 | 803.88 | NOTE | |||
r-devel-linux-x86_64-fedora-gcc | 1.1-0 | 816.03 | NOTE | |||
r-devel-windows-x86_64 | 1.1-0 | 249.00 | 347.00 | 596.00 | NOTE | |
r-patched-linux-x86_64 | 1.1-0 | 259.23 | 212.16 | 471.39 | NOTE | |
r-release-linux-x86_64 | 1.1-0 | 281.54 | 209.69 | 491.23 | NOTE | |
r-release-macos-arm64 | 1.1-0 | 213.00 | NOTE | |||
r-release-macos-x86_64 | 1.1-0 | 466.00 | NOTE | |||
r-release-windows-x86_64 | 1.1-0 | 366.00 | 306.00 | 672.00 | NOTE | |
r-oldrel-macos-arm64 | 1.1-0 | 165.00 | NOTE | |||
r-oldrel-macos-x86_64 | 1.1-0 | 271.00 | NOTE | |||
r-oldrel-windows-ix86+x86_64 | 1.1-0 | 809.00 | 331.00 | 1140.00 | NOTE |
Version: 1.1-0
Check: for GNU extensions in Makefiles
Result: NOTE
GNU make is a SystemRequirements.
Flavors: r-devel-linux-x86_64-debian-clang, r-devel-linux-x86_64-debian-gcc, r-devel-linux-x86_64-fedora-clang, r-devel-linux-x86_64-fedora-gcc, r-devel-windows-x86_64, r-patched-linux-x86_64, r-release-linux-x86_64, r-release-macos-arm64, r-release-macos-x86_64, r-release-windows-x86_64, r-oldrel-macos-arm64, r-oldrel-macos-x86_64, r-oldrel-windows-ix86+x86_64
Version: 1.1-0
Check: installed package size
Result: NOTE
installed size is 42.1Mb
sub-directories of 1Mb or more:
libs 41.5Mb
Flavors: r-devel-linux-x86_64-fedora-clang, r-release-macos-arm64, r-release-macos-x86_64, r-oldrel-macos-arm64, r-oldrel-macos-x86_64, r-oldrel-windows-ix86+x86_64