Last updated on 2022-08-08 10:56:31 CEST.
Flavor | Version | Tinstall | Tcheck | Ttotal | Status | Flags |
---|---|---|---|---|---|---|
r-devel-linux-x86_64-debian-clang | 2.2.8 | 28.51 | 37.30 | 65.81 | NOTE | |
r-devel-linux-x86_64-debian-gcc | 2.2.8 | 20.46 | 26.85 | 47.31 | NOTE | |
r-devel-linux-x86_64-fedora-clang | 2.2.8 | 90.03 | NOTE | |||
r-devel-linux-x86_64-fedora-gcc | 2.2.8 | 84.99 | NOTE | |||
r-devel-windows-x86_64 | 2.2.8 | 93.00 | 168.00 | 261.00 | NOTE | |
r-patched-linux-x86_64 | 2.2.8 | 23.18 | 32.94 | 56.12 | OK | |
r-release-linux-x86_64 | 2.2.8 | OK | ||||
r-release-macos-arm64 | 2.2.8 | 34.00 | OK | |||
r-release-macos-x86_64 | 2.2.8 | 53.00 | OK | |||
r-release-windows-x86_64 | 2.2.8 | 103.00 | 168.00 | 271.00 | OK | |
r-oldrel-macos-arm64 | 2.2.8 | 36.00 | OK | |||
r-oldrel-macos-x86_64 | 2.2.8 | 50.00 | OK | |||
r-oldrel-windows-ix86+x86_64 | 2.2.8 | 114.00 | 175.00 | 289.00 | OK |
Version: 2.2.8
Check: package subdirectories
Result: NOTE
Problems with news in 'NEWS.md':
Cannot extract version info from the following section titles:
names consisting of just one part, family, were missing processing of escaped
Flavors: r-devel-linux-x86_64-debian-clang, r-devel-linux-x86_64-debian-gcc, r-devel-linux-x86_64-fedora-clang, r-devel-linux-x86_64-fedora-gcc, r-devel-windows-x86_64