Last updated on 2024-08-31 11:49:37 CEST.
Flavor | Version | Tinstall | Tcheck | Ttotal | Status | Flags |
---|---|---|---|---|---|---|
r-devel-linux-x86_64-debian-clang | 0.1.0 | 27.92 | 376.80 | 404.72 | NOTE | |
r-devel-linux-x86_64-debian-gcc | 0.1.0 | 18.09 | 228.30 | 246.39 | NOTE | |
r-devel-linux-x86_64-fedora-clang | 0.1.0 | 645.52 | OK | |||
r-devel-linux-x86_64-fedora-gcc | 0.1.0 | 607.38 | OK | |||
r-devel-windows-x86_64 | 0.1.0 | 26.00 | 276.00 | 302.00 | NOTE | |
r-patched-linux-x86_64 | 0.1.0 | 28.98 | 345.82 | 374.80 | OK | |
r-release-linux-x86_64 | 0.1.0 | 27.04 | 342.21 | 369.25 | OK | |
r-release-macos-arm64 | 0.1.0 | 138.00 | OK | |||
r-release-macos-x86_64 | 0.1.0 | 278.00 | OK | |||
r-release-windows-x86_64 | 0.1.0 | 28.00 | 295.00 | 323.00 | OK | |
r-oldrel-macos-arm64 | 0.1.0 | 150.00 | OK | |||
r-oldrel-macos-x86_64 | 0.1.0 | 290.00 | OK | |||
r-oldrel-windows-x86_64 | 0.1.0 | 36.00 | 365.00 | 401.00 | OK |
Version: 0.1.0
Check: Rd cross-references
Result: NOTE
Found the following Rd file(s) with Rd \link{} targets missing package
anchors:
rbgm-package.Rd: SpatialPolygonsDataFrame, SpatialLinesDataFrame
Please provide package anchors for all Rd \link{} targets not in the
package itself and the base packages.
Flavors: r-devel-linux-x86_64-debian-clang, r-devel-linux-x86_64-debian-gcc, r-devel-windows-x86_64