Last updated on 2024-03-28 09:51:54 CET.
Flavor | Version | Tinstall | Tcheck | Ttotal | Status | Flags |
---|---|---|---|---|---|---|
r-devel-linux-x86_64-debian-clang | 0.10.4 | 176.61 | 58.86 | 235.47 | WARN | |
r-devel-linux-x86_64-debian-gcc | 0.10.4 | 136.96 | 43.15 | 180.11 | OK | |
r-devel-linux-x86_64-fedora-clang | 0.10.4 | 318.79 | OK | |||
r-devel-linux-x86_64-fedora-gcc | 0.10.4 | 333.30 | OK | |||
r-devel-windows-x86_64 | 0.10.4 | 130.00 | 97.00 | 227.00 | OK | |
r-patched-linux-x86_64 | 0.10.4 | 166.81 | 57.24 | 224.05 | OK | |
r-release-linux-x86_64 | 0.10.4 | 170.65 | 55.01 | 225.66 | OK | |
r-release-macos-arm64 | 0.10.4 | 72.00 | NOTE | |||
r-release-macos-x86_64 | 0.10.4 | 84.00 | NOTE | |||
r-release-windows-x86_64 | 0.10.4 | 161.00 | 109.00 | 270.00 | OK | |
r-oldrel-macos-arm64 | 0.10.4 | 73.00 | NOTE | |||
r-oldrel-windows-x86_64 | 0.10.4 | 157.00 | 94.00 | 251.00 | OK |
Version: 0.10.4
Check: whether package can be installed
Result: WARN
Found the following significant warnings:
/usr/bin/../lib/gcc/x86_64-linux-gnu/14/../../../../include/c++/14/functional:558:2: warning: 'result_of<std::_Bind<(lambda at rayraster.cpp:944:19) (int)> &()>' is deprecated: use 'std::invoke_result' instead [-Wdeprecated-declarations]
/usr/bin/../lib/gcc/x86_64-linux-gnu/14/../../../../include/c++/14/functional:558:2: warning: 'result_of<std::_Bind<(lambda at rayraster.cpp:1049:15) (int)> &()>' is deprecated: use 'std::invoke_result' instead [-Wdeprecated-declarations]
See ‘/home/hornik/tmp/R.check/r-devel-clang/Work/PKGS/rayvertex.Rcheck/00install.out’ for details.
* used C++ compiler: ‘Debian clang version 18.1.0 (rc4-1)’
Flavor: r-devel-linux-x86_64-debian-clang
Version: 0.10.4
Check: installed package size
Result: NOTE
installed size is 9.8Mb
sub-directories of 1Mb or more:
libs 9.3Mb
Flavors: r-release-macos-arm64, r-release-macos-x86_64, r-oldrel-macos-arm64