CRAN Package Check Results for Package rawKS

Last updated on 2022-06-30 11:53:16 CEST.

Flavor Version Tinstall Tcheck Ttotal Status Flags
r-devel-linux-x86_64-debian-clang 0.1.0 5.56 60.27 65.83 OK
r-devel-linux-x86_64-debian-gcc 0.1.0 5.10 45.75 50.85 OK
r-devel-linux-x86_64-fedora-clang 0.1.0 87.68 WARN
r-devel-linux-x86_64-fedora-gcc 0.1.0 87.89 WARN
r-devel-windows-x86_64 0.1.0 12.00 86.00 98.00 OK
r-patched-linux-x86_64 0.1.0 4.86 56.58 61.44 OK
r-release-linux-x86_64 0.1.0 6.11 56.29 62.40 OK
r-release-macos-arm64 0.1.0 27.00 OK
r-release-macos-x86_64 0.1.0 107.00 OK
r-release-windows-x86_64 0.1.0 13.00 86.00 99.00 OK
r-oldrel-macos-arm64 0.1.0 38.00 OK
r-oldrel-macos-x86_64 0.1.0 37.00 OK
r-oldrel-windows-ix86+x86_64 0.1.0 15.00 82.00 97.00 OK

Check Details

Version: 0.1.0
Check: package dependencies
Result: WARN
    Requires (indirectly) orphaned package: ‘gtools’
Flavors: r-devel-linux-x86_64-fedora-clang, r-devel-linux-x86_64-fedora-gcc