Last updated on 2023-02-02 11:54:13 CET.
Flavor | Version | Tinstall | Tcheck | Ttotal | Status | Flags |
---|---|---|---|---|---|---|
r-devel-linux-x86_64-debian-clang | 0.0.9 | 124.11 | 131.27 | 255.38 | NOTE | |
r-devel-linux-x86_64-debian-gcc | 0.0.9 | 85.52 | 89.04 | 174.56 | NOTE | |
r-devel-linux-x86_64-fedora-clang | 0.0.9 | 353.00 | NOTE | |||
r-devel-linux-x86_64-fedora-gcc | 0.0.9 | 315.87 | NOTE | |||
r-patched-linux-x86_64 | 0.0.9 | 102.19 | 121.45 | 223.64 | OK | |
r-release-linux-x86_64 | 0.0.9 | 96.51 | 124.84 | 221.35 | OK | |
r-release-macos-arm64 | 0.0.9 | 62.00 | OK | |||
r-release-macos-x86_64 | 0.0.9 | 137.00 | OK | |||
r-release-windows-x86_64 | 0.0.9 | 124.00 | 188.00 | 312.00 | OK | |
r-oldrel-macos-arm64 | 0.0.9 | 58.00 | OK | |||
r-oldrel-macos-x86_64 | 0.0.9 | 99.00 | OK | |||
r-oldrel-windows-ix86+x86_64 | 0.0.9 | 279.00 | 256.00 | 535.00 | OK |
Version: 0.0.9
Check: C++ specification
Result: NOTE
Specified C++11: please update to current default of C++17
Flavors: r-devel-linux-x86_64-debian-clang, r-devel-linux-x86_64-debian-gcc, r-devel-linux-x86_64-fedora-clang, r-devel-linux-x86_64-fedora-gcc