Last updated on 2022-06-30 11:53:16 CEST.
Flavor | Version | Tinstall | Tcheck | Ttotal | Status | Flags |
---|---|---|---|---|---|---|
r-devel-linux-x86_64-debian-clang | 5.5.1 | 27.48 | 120.86 | 148.34 | NOTE | |
r-devel-linux-x86_64-debian-gcc | 5.5.1 | 20.55 | 88.64 | 109.19 | NOTE | |
r-devel-linux-x86_64-fedora-clang | 5.5.1 | 194.50 | NOTE | |||
r-devel-linux-x86_64-fedora-gcc | 5.5.1 | 197.52 | NOTE | |||
r-devel-windows-x86_64 | 5.5.1 | 71.00 | 143.00 | 214.00 | NOTE | |
r-patched-linux-x86_64 | 5.5.1 | 21.65 | 112.69 | 134.34 | NOTE | |
r-release-linux-x86_64 | 5.5.1 | 24.24 | 113.01 | 137.25 | NOTE | |
r-release-macos-arm64 | 5.5.1 | 46.00 | NOTE | |||
r-release-macos-x86_64 | 5.5.1 | 79.00 | NOTE | |||
r-release-windows-x86_64 | 5.5.1 | 87.00 | 149.00 | 236.00 | NOTE | |
r-oldrel-macos-arm64 | 5.5.1 | 47.00 | NOTE | |||
r-oldrel-macos-x86_64 | 5.5.1 | 64.00 | NOTE | |||
r-oldrel-windows-ix86+x86_64 | 5.5.1 | 43.00 | 138.00 | 181.00 | NOTE |
Version: 5.5.1
Check: package dependencies
Result: NOTE
Packages suggested but not available for checking: 'cairoDevice', 'RGtk2'
Flavors: r-devel-linux-x86_64-debian-clang, r-devel-linux-x86_64-debian-gcc, r-patched-linux-x86_64, r-release-linux-x86_64, r-release-macos-arm64, r-release-macos-x86_64, r-oldrel-macos-arm64
Version: 5.5.1
Check: Rd files
Result: NOTE
checkRd: (-1) acquireAuditData.Rd:24: Escaped LaTeX specials: \_
checkRd: (-1) rattle.Rd:44: Escaped LaTeX specials: \_
Flavors: r-devel-linux-x86_64-debian-clang, r-devel-linux-x86_64-debian-gcc, r-devel-linux-x86_64-fedora-clang, r-devel-linux-x86_64-fedora-gcc, r-devel-windows-x86_64
Version: 5.5.1
Check: package dependencies
Result: NOTE
Packages suggested but not available for checking: 'cairoDevice', 'RGtk2'
Suggests orphaned package: ‘gtools’
Flavors: r-devel-linux-x86_64-fedora-clang, r-devel-linux-x86_64-fedora-gcc
Version: 5.5.1
Check: installed package size
Result: NOTE
installed size is 9.6Mb
sub-directories of 1Mb or more:
data 4.6Mb
etc 1.9Mb
po 1.2Mb
Flavors: r-devel-linux-x86_64-fedora-clang, r-devel-windows-x86_64, r-release-macos-arm64, r-release-macos-x86_64, r-release-windows-x86_64, r-oldrel-macos-arm64, r-oldrel-macos-x86_64, r-oldrel-windows-ix86+x86_64