Last updated on 2024-03-28 09:51:54 CET.
Flavor | Version | Tinstall | Tcheck | Ttotal | Status | Flags |
---|---|---|---|---|---|---|
r-devel-linux-x86_64-debian-clang | 1.3.1 | 581.43 | 238.46 | 819.89 | NOTE | |
r-devel-linux-x86_64-debian-gcc | 1.3.1 | 543.25 | 214.11 | 757.36 | NOTE | |
r-devel-linux-x86_64-fedora-clang | 1.3.1 | 1007.15 | NOTE | |||
r-devel-linux-x86_64-fedora-gcc | 1.3.1 | 1324.95 | NOTE | |||
r-devel-windows-x86_64 | 1.3.1 | 444.00 | 240.00 | 684.00 | NOTE | |
r-patched-linux-x86_64 | 1.3.1 | 466.82 | 276.62 | 743.44 | NOTE | |
r-release-linux-x86_64 | 1.3.1 | 485.98 | 272.57 | 758.55 | NOTE | |
r-release-macos-arm64 | 1.3.1 | 428.00 | NOTE | |||
r-release-macos-x86_64 | 1.3.1 | 583.00 | NOTE | |||
r-release-windows-x86_64 | 1.3.1 | 574.00 | 287.00 | 861.00 | NOTE | |
r-oldrel-macos-arm64 | 1.3.1 | 293.00 | NOTE | |||
r-oldrel-windows-x86_64 | 1.3.1 | 557.00 | 276.00 | 833.00 | NOTE |
Version: 1.3.1
Check: Rd files
Result: NOTE
checkRd: (-1) as_mcmc.list.Rd:5: Lost braces; missing escapes or markup?
5 | \title{Convert a rater_fit object to a {coda} \code{mcmc.list} object.}
| ^
checkRd: (-1) as_mcmc.list.Rd:16: Lost braces; missing escapes or markup?
16 | Convert a rater_fit object to a {coda} \code{mcmc.list} object.
| ^
checkRd: (-1) as_mcmc.list.Rd:13: Lost braces; missing escapes or markup?
13 | A {coda} mcmc.list object.
| ^
Flavors: r-devel-linux-x86_64-debian-clang, r-devel-linux-x86_64-debian-gcc, r-devel-linux-x86_64-fedora-clang, r-devel-linux-x86_64-fedora-gcc, r-devel-windows-x86_64, r-patched-linux-x86_64
Version: 1.3.1
Check: for GNU extensions in Makefiles
Result: NOTE
GNU make is a SystemRequirements.
Flavors: r-devel-linux-x86_64-debian-clang, r-devel-linux-x86_64-debian-gcc, r-devel-linux-x86_64-fedora-clang, r-devel-linux-x86_64-fedora-gcc, r-devel-windows-x86_64, r-patched-linux-x86_64, r-release-linux-x86_64, r-release-macos-arm64, r-release-macos-x86_64, r-release-windows-x86_64, r-oldrel-macos-arm64, r-oldrel-windows-x86_64
Version: 1.3.1
Check: installed package size
Result: NOTE
installed size is 6.1Mb
sub-directories of 1Mb or more:
libs 5.3Mb
Flavors: r-devel-linux-x86_64-fedora-clang, r-devel-windows-x86_64, r-release-macos-arm64, r-release-macos-x86_64, r-release-windows-x86_64, r-oldrel-macos-arm64, r-oldrel-windows-x86_64