Last updated on 2022-07-01 11:52:08 CEST.
Flavor | Version | Tinstall | Tcheck | Ttotal | Status | Flags |
---|---|---|---|---|---|---|
r-devel-linux-x86_64-debian-clang | 1.2.0 | 457.11 | 161.58 | 618.69 | NOTE | |
r-devel-linux-x86_64-debian-gcc | 1.2.0 | 413.92 | 136.39 | 550.31 | NOTE | |
r-devel-linux-x86_64-fedora-clang | 1.2.0 | 882.36 | NOTE | |||
r-devel-linux-x86_64-fedora-gcc | 1.2.0 | 939.58 | NOTE | |||
r-devel-windows-x86_64 | 1.2.0 | 314.00 | 236.00 | 550.00 | NOTE | |
r-patched-linux-x86_64 | 1.2.0 | 339.12 | 178.91 | 518.03 | NOTE | |
r-release-linux-x86_64 | 1.2.0 | 0.01 | 3.99 | 4.00 | ERROR | |
r-release-macos-arm64 | 1.2.0 | 220.00 | NOTE | |||
r-release-macos-x86_64 | 1.2.0 | 534.00 | NOTE | |||
r-release-windows-x86_64 | 1.2.0 | 343.00 | 252.00 | 595.00 | NOTE | |
r-oldrel-macos-arm64 | 1.2.0 | 322.00 | NOTE | |||
r-oldrel-macos-x86_64 | 1.2.0 | 262.00 | NOTE | |||
r-oldrel-windows-ix86+x86_64 | 1.2.0 | 612.00 | 11.00 | 623.00 | ERROR |
Version: 1.2.0
Check: for GNU extensions in Makefiles
Result: NOTE
GNU make is a SystemRequirements.
Flavors: r-devel-linux-x86_64-debian-clang, r-devel-linux-x86_64-debian-gcc, r-devel-linux-x86_64-fedora-clang, r-devel-linux-x86_64-fedora-gcc, r-devel-windows-x86_64, r-patched-linux-x86_64, r-release-macos-arm64, r-release-macos-x86_64, r-release-windows-x86_64, r-oldrel-macos-arm64, r-oldrel-macos-x86_64
Version: 1.2.0
Check: installed package size
Result: NOTE
installed size is 51.2Mb
sub-directories of 1Mb or more:
libs 50.4Mb
Flavors: r-devel-linux-x86_64-fedora-clang, r-release-macos-arm64, r-release-macos-x86_64, r-oldrel-macos-arm64, r-oldrel-macos-x86_64
Version: 1.2.0
Check: whether package can be installed
Result: ERROR
Installation failed.
Flavors: r-release-linux-x86_64, r-oldrel-windows-ix86+x86_64