CRAN Package Check Results for Package ratelimitr

Last updated on 2023-12-09 11:49:35 CET.

Flavor Version Tinstall Tcheck Ttotal Status Flags
r-devel-linux-x86_64-debian-clang 0.4.1 2.36 28.56 30.92 NOTE
r-devel-linux-x86_64-debian-gcc 0.4.1 1.12 22.27 23.39 NOTE
r-devel-linux-x86_64-fedora-clang 0.4.1 39.61 NOTE
r-devel-linux-x86_64-fedora-gcc 0.4.1 48.10 NOTE
r-devel-windows-x86_64 0.4.1 3.00 63.00 66.00 NOTE
r-patched-linux-x86_64 0.4.1 2.12 27.64 29.76 NOTE
r-release-linux-x86_64 0.4.1 2.04 27.26 29.30 NOTE
r-release-macos-arm64 0.4.1 41.00 NOTE
r-release-macos-x86_64 0.4.1 52.00 NOTE
r-release-windows-x86_64 0.4.1 4.00 63.00 67.00 NOTE
r-oldrel-macos-arm64 0.4.1 38.00 NOTE
r-oldrel-macos-x86_64 0.4.1 44.00 NOTE
r-oldrel-windows-x86_64 0.4.1 4.00 66.00 70.00 NOTE

Check Details

Version: 0.4.1
Check: LazyData
Result: NOTE 'LazyData' is specified without a 'data' directory Flavors: r-devel-linux-x86_64-debian-clang, r-devel-linux-x86_64-debian-gcc, r-devel-linux-x86_64-fedora-clang, r-devel-linux-x86_64-fedora-gcc, r-devel-windows-x86_64, r-patched-linux-x86_64, r-release-linux-x86_64, r-release-macos-arm64, r-release-macos-x86_64, r-release-windows-x86_64, r-oldrel-macos-arm64, r-oldrel-macos-x86_64, r-oldrel-windows-x86_64