CRAN Package Check Results for Package rasterList

Last updated on 2024-02-26 12:54:34 CET.

Flavor Version Tinstall Tcheck Ttotal Status Flags
r-devel-linux-x86_64-debian-clang 0.5.20 28.67 405.48 434.15 NOTE
r-devel-linux-x86_64-debian-gcc 0.5.20 26.84 298.40 325.24 NOTE
r-devel-linux-x86_64-fedora-clang 0.5.20 519.92 OK
r-devel-linux-x86_64-fedora-gcc 0.5.20 555.42 OK
r-devel-windows-x86_64 0.5.20 27.00 252.00 279.00 OK
r-patched-linux-x86_64 0.5.20 32.53 393.93 426.46 OK
r-release-linux-x86_64 0.5.20 25.72 396.07 421.79 OK
r-release-macos-arm64 0.5.20 125.00 OK
r-release-macos-x86_64 0.5.20 320.00 OK
r-release-windows-x86_64 0.5.20 35.00 334.00 369.00 OK
r-oldrel-macos-arm64 0.5.20 121.00 OK
r-oldrel-windows-x86_64 0.5.20 37.00 338.00 375.00 OK

Check Details

Version: 0.5.20
Check: Rd files
Result: NOTE checkRd: (-1) RasterList-Package.Rd:20: Lost braces 20 | {\code{\link{rasterList}}}{: it is the constructor of a \code{\link{RasterList-class}} object from a generic \code{object}, it also transforms a \code{\link{RasterList-class}} into another one throungh a function argument. } | ^ checkRd: (-1) RasterList-Package.Rd:22: Lost braces 22 | {\code{\link{rasterListFun}}}{: it is a function that constructs a particular \code{\link{RasterList-class}} object in which the objects are \code{function}-type. } | ^ checkRd: (-1) RasterList-Package.Rd:24: Lost braces 24 | {\code{\link{RasterListApply}}}{: it is a function that allows to operate among two or more \code{\link{RasterList-class}} objects defined in the same spatial extent through a generic function \code{fun(x,y,...)} where \code{x} and \code{y} are each cell/element of two \code{\link{RasterList-class}} objects given as arguments \code{x} and \code{y} of \code{\link{RasterListApply}}.} | ^ Flavors: r-devel-linux-x86_64-debian-clang, r-devel-linux-x86_64-debian-gcc