CRAN Package Check Results for Package rare

Last updated on 2022-07-06 12:53:43 CEST.

Flavor Version Tinstall Tcheck Ttotal Status Flags
r-devel-linux-x86_64-debian-clang 0.1.1 44.10 87.29 131.39 OK
r-devel-linux-x86_64-debian-gcc 0.1.1 37.69 66.27 103.96 OK
r-devel-linux-x86_64-fedora-clang 0.1.1 192.29 OK
r-devel-linux-x86_64-fedora-gcc 0.1.1 186.63 OK
r-devel-windows-x86_64 0.1.1 42.00 141.00 183.00 OK
r-patched-linux-x86_64 0.1.1 43.89 84.10 127.99 OK
r-release-linux-x86_64 0.1.1 43.80 85.87 129.67 OK
r-release-macos-arm64 0.1.1 52.00 OK
r-release-macos-x86_64 0.1.1 70.00 OK
r-release-windows-x86_64 0.1.1 149.00 140.00 289.00 OK
r-oldrel-macos-arm64 0.1.1 55.00 NOTE
r-oldrel-macos-x86_64 0.1.1 101.00 OK
r-oldrel-windows-ix86+x86_64 0.1.1 110.00 154.00 264.00 OK

Check Details

Version: 0.1.1
Check: installed package size
Result: NOTE
     installed size is 5.5Mb
     sub-directories of 1Mb or more:
     doc 1.2Mb
     libs 4.2Mb
Flavor: r-oldrel-macos-arm64