CRAN Package Check Results for Package rappsflyer

Last updated on 2022-06-26 11:52:41 CEST.

Flavor Version Tinstall Tcheck Ttotal Status Flags
r-devel-linux-x86_64-debian-clang 0.2.0 6.31 58.89 65.20 NOTE
r-devel-linux-x86_64-debian-gcc 0.2.0 4.83 43.79 48.62 NOTE
r-devel-linux-x86_64-fedora-clang 0.2.0 87.51 NOTE
r-devel-linux-x86_64-fedora-gcc 0.2.0 85.29 NOTE
r-devel-windows-x86_64 0.2.0 30.00 85.00 115.00 NOTE
r-patched-linux-x86_64 0.2.0 4.77 54.99 59.76 NOTE
r-release-linux-x86_64 0.2.0 5.98 54.97 60.95 NOTE
r-release-macos-arm64 0.2.0 28.00 NOTE
r-release-macos-x86_64 0.2.0 56.00 NOTE
r-release-windows-x86_64 0.2.0 26.00 85.00 111.00 NOTE
r-oldrel-macos-arm64 0.2.0 30.00 NOTE
r-oldrel-macos-x86_64 0.2.0 39.00 NOTE
r-oldrel-windows-ix86+x86_64 0.2.0 16.00 79.00 95.00 NOTE

Check Details

Version: 0.2.0
Check: LazyData
Result: NOTE
     'LazyData' is specified without a 'data' directory
Flavors: r-devel-linux-x86_64-debian-clang, r-devel-linux-x86_64-debian-gcc, r-devel-linux-x86_64-fedora-clang, r-devel-linux-x86_64-fedora-gcc, r-devel-windows-x86_64, r-patched-linux-x86_64, r-release-linux-x86_64, r-release-macos-arm64, r-release-macos-x86_64, r-release-windows-x86_64, r-oldrel-macos-arm64, r-oldrel-macos-x86_64, r-oldrel-windows-ix86+x86_64