Last updated on 2022-06-26 11:52:41 CEST.
Flavor | Version | Tinstall | Tcheck | Ttotal | Status | Flags |
---|---|---|---|---|---|---|
r-devel-linux-x86_64-debian-clang | 8.4.3 | 2.13 | 20.93 | 23.06 | NOTE | |
r-devel-linux-x86_64-debian-gcc | 8.4.3 | 1.73 | 16.47 | 18.20 | NOTE | |
r-devel-linux-x86_64-fedora-clang | 8.4.3 | 38.92 | NOTE | |||
r-devel-linux-x86_64-fedora-gcc | 8.4.3 | 38.27 | NOTE | |||
r-devel-windows-x86_64 | 8.4.3 | 13.00 | 58.00 | 71.00 | NOTE | |
r-patched-linux-x86_64 | 8.4.3 | 1.48 | 20.18 | 21.66 | NOTE | |
r-release-linux-x86_64 | 8.4.3 | 2.07 | 20.59 | 22.66 | NOTE | |
r-release-macos-arm64 | 8.4.3 | 13.00 | NOTE | |||
r-release-macos-x86_64 | 8.4.3 | 19.00 | NOTE | |||
r-release-windows-x86_64 | 8.4.3 | 21.00 | 52.00 | 73.00 | NOTE | |
r-oldrel-macos-arm64 | 8.4.3 | 16.00 | NOTE | |||
r-oldrel-macos-x86_64 | 8.4.3 | 23.00 | NOTE | |||
r-oldrel-windows-ix86+x86_64 | 8.4.3 | 5.00 | 39.00 | 44.00 | NOTE |
Version: 8.4.3
Check: LazyData
Result: NOTE
'LazyData' is specified without a 'data' directory
Flavors: r-devel-linux-x86_64-debian-clang, r-devel-linux-x86_64-debian-gcc, r-devel-linux-x86_64-fedora-clang, r-devel-linux-x86_64-fedora-gcc, r-devel-windows-x86_64, r-patched-linux-x86_64, r-release-linux-x86_64, r-release-macos-arm64, r-release-macos-x86_64, r-release-windows-x86_64, r-oldrel-macos-arm64, r-oldrel-macos-x86_64, r-oldrel-windows-ix86+x86_64
Version: 8.4.3
Check: dependencies in R code
Result: NOTE
Namespace in Imports field not imported from: ‘jsonlite’
All declared Imports should be used.
Flavors: r-devel-linux-x86_64-fedora-clang, r-devel-linux-x86_64-fedora-gcc, r-release-macos-arm64, r-release-macos-x86_64, r-oldrel-macos-arm64, r-oldrel-macos-x86_64