Last updated on 2023-05-31 13:00:52 CEST.
Flavor | Version | Tinstall | Tcheck | Ttotal | Status | Flags |
---|---|---|---|---|---|---|
r-devel-linux-x86_64-debian-clang | 0.15.1 | 115.73 | 125.00 | 240.73 | OK | |
r-devel-linux-x86_64-debian-gcc | 0.15.1 | 94.70 | 98.25 | 192.95 | OK | |
r-devel-linux-x86_64-fedora-clang | 0.15.1 | 330.58 | OK | |||
r-devel-linux-x86_64-fedora-gcc | 0.15.1 | 333.43 | OK | |||
r-devel-windows-x86_64 | 0.15.1 | 91.00 | 140.00 | 231.00 | OK | |
r-patched-linux-x86_64 | 0.15.1 | 101.36 | 121.85 | 223.21 | OK | |
r-release-linux-x86_64 | 0.15.1 | 101.74 | 123.51 | 225.25 | OK | |
r-release-macos-arm64 | 0.15.1 | 77.00 | NOTE | |||
r-release-macos-x86_64 | 0.15.1 | 138.00 | NOTE | |||
r-release-windows-x86_64 | 0.15.1 | 119.00 | 165.00 | 284.00 | OK | |
r-oldrel-macos-arm64 | 0.15.1 | 83.00 | NOTE | |||
r-oldrel-macos-x86_64 | 0.15.1 | 105.00 | NOTE | |||
r-oldrel-windows-x86_64 | 0.15.1 | 108.00 | 156.00 | 264.00 | OK |
Version: 0.15.1
Check: installed package size
Result: NOTE
installed size is 7.8Mb
sub-directories of 1Mb or more:
libs 7.6Mb
Flavors: r-release-macos-arm64, r-release-macos-x86_64, r-oldrel-macos-arm64, r-oldrel-macos-x86_64