Last updated on 2024-05-01 12:14:35 CEST.
Flavor | Version | Tinstall | Tcheck | Ttotal | Status | Flags |
---|---|---|---|---|---|---|
r-devel-linux-x86_64-debian-clang | 0.3.0 | 6.06 | 70.29 | 76.35 | OK | |
r-devel-linux-x86_64-debian-gcc | 0.3.0 | 4.57 | 52.18 | 56.75 | OK | |
r-devel-linux-x86_64-fedora-clang | 0.3.0 | 93.32 | NOTE | |||
r-devel-linux-x86_64-fedora-gcc | 0.3.0 | 104.43 | OK | |||
r-devel-windows-x86_64 | 0.3.0 | 6.00 | 81.00 | 87.00 | OK | |
r-patched-linux-x86_64 | 0.3.0 | 6.07 | 65.91 | 71.98 | OK | |
r-release-linux-x86_64 | 0.3.0 | 4.35 | 67.28 | 71.63 | OK | |
r-release-macos-arm64 | 0.3.0 | 51.00 | OK | |||
r-release-windows-x86_64 | 0.3.0 | 7.00 | 82.00 | 89.00 | OK | |
r-oldrel-macos-arm64 | 0.3.0 | 143.00 | OK | |||
r-oldrel-macos-x86_64 | 0.3.0 | 101.00 | OK | |||
r-oldrel-windows-x86_64 | 0.3.0 | 9.00 | 85.00 | 94.00 | OK |
Version: 0.3.0
Check: Rd cross-references
Result: NOTE
Undeclared package ‘igraph’ in Rd xrefs
Flavor: r-devel-linux-x86_64-fedora-clang