CRAN Package Check Results for Package randquotes

Last updated on 2023-09-30 11:51:49 CEST.

Flavor Version Tinstall Tcheck Ttotal Status Flags
r-devel-linux-x86_64-debian-clang 0.1.1 2.31 24.99 27.30 NOTE
r-devel-linux-x86_64-debian-gcc 0.1.1 1.78 19.67 21.45 NOTE
r-devel-linux-x86_64-fedora-clang 0.1.1 33.39 NOTE
r-devel-linux-x86_64-fedora-gcc 0.1.1 32.21 NOTE
r-devel-windows-x86_64 0.1.1 3.00 43.00 46.00 NOTE
r-patched-linux-x86_64 0.1.1 1.94 24.29 26.23 NOTE
r-release-linux-x86_64 0.1.1 2.02 24.37 26.39 NOTE
r-release-macos-arm64 0.1.1 18.00 NOTE
r-release-macos-x86_64 0.1.1 23.00 NOTE
r-release-windows-x86_64 0.1.1 4.00 40.00 44.00 NOTE
r-oldrel-macos-arm64 0.1.1 17.00 NOTE
r-oldrel-macos-x86_64 0.1.1 24.00 NOTE
r-oldrel-windows-x86_64 0.1.1 4.00 45.00 49.00 OK

Check Details

Version: 0.1.1
Check: package subdirectories
Result: NOTE
    Problems with news in ‘NEWS.md’:
    No news entries found.
Flavors: r-devel-linux-x86_64-debian-clang, r-devel-linux-x86_64-debian-gcc, r-devel-linux-x86_64-fedora-clang, r-devel-linux-x86_64-fedora-gcc, r-devel-windows-x86_64, r-patched-linux-x86_64, r-release-linux-x86_64, r-release-macos-arm64, r-release-macos-x86_64, r-release-windows-x86_64

Version: 0.1.1
Check: dependencies in R code
Result: NOTE
    Namespaces in Imports field not imported from:
     ‘curl’ ‘jsonlite’
     All declared Imports should be used.
Flavors: r-devel-linux-x86_64-fedora-clang, r-devel-linux-x86_64-fedora-gcc, r-oldrel-macos-arm64, r-oldrel-macos-x86_64