Last updated on 2022-06-25 10:53:11 CEST.
Flavor | Version | Tinstall | Tcheck | Ttotal | Status | Flags |
---|---|---|---|---|---|---|
r-devel-linux-x86_64-debian-clang | 0.10.1 | 10.10 | 286.28 | 296.38 | NOTE | |
r-devel-linux-x86_64-debian-gcc | 0.10.1 | 7.27 | 203.59 | 210.86 | NOTE | |
r-devel-linux-x86_64-fedora-clang | 0.10.1 | 354.22 | NOTE | |||
r-devel-linux-x86_64-fedora-gcc | 0.10.1 | 341.92 | NOTE | |||
r-devel-windows-x86_64 | 0.10.1 | 159.00 | 302.00 | 461.00 | NOTE | |
r-patched-linux-x86_64 | 0.10.1 | 9.12 | 264.70 | 273.82 | NOTE | |
r-release-linux-x86_64 | 0.10.1 | 7.36 | 260.04 | 267.40 | NOTE | |
r-release-macos-arm64 | 0.10.1 | 83.00 | NOTE | |||
r-release-macos-x86_64 | 0.10.1 | 180.00 | NOTE | |||
r-release-windows-x86_64 | 0.10.1 | 181.00 | 287.00 | 468.00 | NOTE | |
r-oldrel-macos-arm64 | 0.10.1 | 127.00 | NOTE | |||
r-oldrel-macos-x86_64 | 0.10.1 | 108.00 | NOTE | |||
r-oldrel-windows-ix86+x86_64 | 0.10.1 | 20.00 | 307.00 | 327.00 | NOTE |
Version: 0.10.1
Check: LazyData
Result: NOTE
'LazyData' is specified without a 'data' directory
Flavors: r-devel-linux-x86_64-debian-clang, r-devel-linux-x86_64-debian-gcc, r-devel-linux-x86_64-fedora-clang, r-devel-linux-x86_64-fedora-gcc, r-devel-windows-x86_64, r-patched-linux-x86_64, r-release-linux-x86_64, r-release-macos-arm64, r-release-macos-x86_64, r-release-windows-x86_64, r-oldrel-macos-arm64, r-oldrel-macos-x86_64, r-oldrel-windows-ix86+x86_64