CRAN Package Check Results for Package random.polychor.pa

Last updated on 2022-06-24 11:52:16 CEST.

Flavor Version Tinstall Tcheck Ttotal Status Flags
r-devel-linux-x86_64-debian-clang 1.1.4-4 5.00 39.92 44.92 NOTE
r-devel-linux-x86_64-debian-gcc 1.1.4-4 3.69 30.47 34.16 NOTE
r-devel-linux-x86_64-fedora-clang 1.1.4-4 63.27 NOTE
r-devel-linux-x86_64-fedora-gcc 1.1.4-4 63.30 NOTE
r-devel-windows-x86_64 1.1.4-4 30.00 61.00 91.00 NOTE
r-patched-linux-x86_64 1.1.4-4 3.74 39.19 42.93 NOTE
r-release-linux-x86_64 1.1.4-4 3.28 38.86 42.14 NOTE
r-release-macos-arm64 1.1.4-4 23.00 NOTE
r-release-macos-x86_64 1.1.4-4 28.00 NOTE
r-release-windows-x86_64 1.1.4-4 40.00 66.00 106.00 NOTE
r-oldrel-macos-arm64 1.1.4-4 24.00 NOTE
r-oldrel-macos-x86_64 1.1.4-4 32.00 NOTE
r-oldrel-windows-ix86+x86_64 1.1.4-4 10.00 57.00 67.00 NOTE

Check Details

Version: 1.1.4-4
Check: LazyData
Result: NOTE
     'LazyData' is specified without a 'data' directory
Flavors: r-devel-linux-x86_64-debian-clang, r-devel-linux-x86_64-debian-gcc, r-devel-linux-x86_64-fedora-clang, r-devel-linux-x86_64-fedora-gcc, r-devel-windows-x86_64, r-patched-linux-x86_64, r-release-linux-x86_64, r-release-macos-arm64, r-release-macos-x86_64, r-release-windows-x86_64, r-oldrel-macos-arm64, r-oldrel-macos-x86_64, r-oldrel-windows-ix86+x86_64