Last updated on 2023-10-02 11:11:02 CEST.
Flavor | Version | Tinstall | Tcheck | Ttotal | Status | Flags |
---|---|---|---|---|---|---|
r-devel-linux-x86_64-debian-clang | 0.2.0 | 4.61 | 75.49 | 80.10 | NOTE | |
r-devel-linux-x86_64-debian-gcc | 0.2.0 | 4.02 | 55.54 | 59.56 | NOTE | |
r-devel-linux-x86_64-fedora-clang | 0.2.0 | 96.06 | NOTE | |||
r-devel-linux-x86_64-fedora-gcc | 0.2.0 | 92.33 | NOTE | |||
r-devel-windows-x86_64 | 0.2.0 | 7.00 | 82.00 | 89.00 | NOTE | |
r-patched-linux-x86_64 | 0.2.0 | 4.98 | 70.29 | 75.27 | NOTE | |
r-release-linux-x86_64 | 0.2.0 | 5.34 | 72.45 | 77.79 | NOTE | |
r-release-macos-arm64 | 0.2.0 | 34.00 | NOTE | |||
r-release-macos-x86_64 | 0.2.0 | 50.00 | NOTE | |||
r-release-windows-x86_64 | 0.2.0 | 7.00 | 95.00 | 102.00 | NOTE | |
r-oldrel-macos-arm64 | 0.2.0 | 27.00 | NOTE | |||
r-oldrel-macos-x86_64 | 0.2.0 | 60.00 | NOTE | |||
r-oldrel-windows-x86_64 | 0.2.0 | 7.00 | 87.00 | 94.00 | NOTE |
Version: 0.2.0
Check: LazyData
Result: NOTE
'LazyData' is specified without a 'data' directory
Flavors: r-devel-linux-x86_64-debian-clang, r-devel-linux-x86_64-debian-gcc, r-devel-linux-x86_64-fedora-clang, r-devel-linux-x86_64-fedora-gcc, r-devel-windows-x86_64, r-patched-linux-x86_64, r-release-linux-x86_64, r-release-macos-arm64, r-release-macos-x86_64, r-release-windows-x86_64, r-oldrel-macos-arm64, r-oldrel-macos-x86_64, r-oldrel-windows-x86_64