Last updated on 2025-04-29 12:52:46 CEST.
Flavor | Version | Tinstall | Tcheck | Ttotal | Status | Flags |
---|---|---|---|---|---|---|
r-devel-linux-x86_64-debian-clang | 1.0 | 1.63 | 18.81 | 20.44 | NOTE | |
r-devel-linux-x86_64-debian-gcc | 1.0 | 1.25 | 15.92 | 17.17 | NOTE | |
r-devel-linux-x86_64-fedora-clang | 1.0 | 35.50 | OK | |||
r-devel-linux-x86_64-fedora-gcc | 1.0 | 31.92 | OK | |||
r-devel-windows-x86_64 | 1.0 | 2.00 | 43.00 | 45.00 | OK | |
r-patched-linux-x86_64 | 1.0 | 1.55 | 18.72 | 20.27 | OK | |
r-release-linux-x86_64 | 1.0 | 1.58 | 18.86 | 20.44 | OK | |
r-release-macos-arm64 | 1.0 | 15.00 | OK | |||
r-release-macos-x86_64 | 1.0 | 25.00 | OK | |||
r-release-windows-x86_64 | 1.0 | 3.00 | 46.00 | 49.00 | OK | |
r-oldrel-macos-arm64 | 1.0 | 15.00 | OK | |||
r-oldrel-macos-x86_64 | 1.0 | 21.00 | OK | |||
r-oldrel-windows-x86_64 | 1.0 | 3.00 | 43.00 | 46.00 | OK |
Version: 1.0
Check: CRAN incoming feasibility
Result: NOTE
Maintainer: ‘Daniel F. Schmidt <daniel.schmidt@monash.edu>’
The Description field contains
<arXiv:1809.05212>.
Please refer to arXiv e-prints via their arXiv DOI <doi:10.48550/arXiv.YYMM.NNNNN>.
Found the following \keyword or \concept entries
which likely give several index terms:
File ‘randcorr-package.Rd’:
\keyword{matrix,}
Flavors: r-devel-linux-x86_64-debian-clang, r-devel-linux-x86_64-debian-gcc