Last updated on 2025-04-29 12:52:46 CEST.
Flavor | Version | Tinstall | Tcheck | Ttotal | Status | Flags |
---|---|---|---|---|---|---|
r-devel-linux-x86_64-debian-clang | 0.2.1 | 2.55 | 30.19 | 32.74 | NOTE | |
r-devel-linux-x86_64-debian-gcc | 0.2.1 | 1.90 | 22.41 | 24.31 | NOTE | |
r-devel-linux-x86_64-fedora-clang | 0.2.1 | 55.89 | OK | |||
r-devel-linux-x86_64-fedora-gcc | 0.2.1 | 50.80 | OK | |||
r-devel-windows-x86_64 | 0.2.1 | 4.00 | 48.00 | 52.00 | OK | |
r-patched-linux-x86_64 | 0.2.1 | 2.55 | 28.61 | 31.16 | OK | |
r-release-linux-x86_64 | 0.2.1 | 2.29 | 28.71 | 31.00 | OK | |
r-release-macos-arm64 | 0.2.1 | 17.00 | OK | |||
r-release-macos-x86_64 | 0.2.1 | 30.00 | OK | |||
r-release-windows-x86_64 | 0.2.1 | 3.00 | 51.00 | 54.00 | OK | |
r-oldrel-macos-arm64 | 0.2.1 | 18.00 | OK | |||
r-oldrel-macos-x86_64 | 0.2.1 | 26.00 | OK | |||
r-oldrel-windows-x86_64 | 0.2.1 | 4.00 | 46.00 | 50.00 | OK |
Version: 0.2.1
Check: CRAN incoming feasibility
Result: NOTE
Maintainer: ‘Zach Branson <zach@stat.cmu.edu>’
No Authors@R field in DESCRIPTION.
Please add one, modifying
Authors@R: person(given = "Zach",
family = "Branson",
role = c("aut", "cre"),
email = "zach@stat.cmu.edu")
as necessary.
The Description field contains
variable. See Branson (2021) <arXiv:1804.08760> for details.
Please refer to arXiv e-prints via their arXiv DOI <doi:10.48550/arXiv.YYMM.NNNNN>.
Flavors: r-devel-linux-x86_64-debian-clang, r-devel-linux-x86_64-debian-gcc
Version: 0.2.1
Check: examples
Result: NOTE
Examples with CPU (user + system) or elapsed time > 5s
user system elapsed
asIfRandTest 4.503 0.008 5.484
Flavor: r-devel-linux-x86_64-debian-clang